{"id":8534,"date":"2024-07-06T02:40:11","date_gmt":"2024-07-06T02:40:11","guid":{"rendered":"https:\/\/susistemapruebas.com\/grapi\/?post_type=product&#038;p=8534"},"modified":"2024-07-06T02:40:11","modified_gmt":"2024-07-06T02:40:11","slug":"pelota-de-peso","status":"publish","type":"product","link":"https:\/\/susistemapruebas.com\/grapi\/producto\/pelota-de-peso\/","title":{"rendered":"PELOTA DE PESO"},"content":{"rendered":"<h4><strong>PELOTA DE PESO<\/strong><\/h4>\n<p>Estos balones est\u00e1n dise\u00f1ados para ser utilizados con fines de rehabilitaci\u00f3n y entrenamiento de fuerza. Disponibles en una variedad de opciones de tama\u00f1o, estas bolas de ejercicios son excelentes para ejercicios de todo el cuerpo, n\u00facleo y extremidades superiores e inferiores. Para uso en fisioterapia y los centros de rehabilitaci\u00f3n. Disponible individualmente o en un conjunto de 6.<\/p>\n<ul>\n<li>PELOTA DE PESO DE 0.5 KG. CREMA<\/li>\n<li>PELOTA DE PESO DE 1.0 KG AMARILLA<\/li>\n<li>PELOTA DE PESO DE 1.5 KG ROJO<\/li>\n<li>PELOTA DE PESO DE 2KG VERDE<\/li>\n<li>PELOTA DE PESO DE 2.5KG AZUL<\/li>\n<li>PELOTA DE PESO DE 3 KG NEGRO<\/li>\n<\/ul>\n","protected":false},"excerpt":{"rendered":"<h4><strong>PELOTA DE PESO<\/strong><\/h4>\n","protected":false},"featured_media":8535,"template":"","meta":[],"product_brand":[],"product_cat":[79],"product_tag":[],"class_list":{"0":"post-8534","1":"product","2":"type-product","3":"status-publish","4":"has-post-thumbnail","6":"product_cat-terapia-ocupacional","8":"first","9":"instock","10":"shipping-taxable","11":"product-type-simple"},"_links":{"self":[{"href":"https:\/\/susistemapruebas.com\/grapi\/wp-json\/wp\/v2\/product\/8534","targetHints":{"allow":["GET"]}}],"collection":[{"href":"https:\/\/susistemapruebas.com\/grapi\/wp-json\/wp\/v2\/product"}],"about":[{"href":"https:\/\/susistemapruebas.com\/grapi\/wp-json\/wp\/v2\/types\/product"}],"wp:featuredmedia":[{"embeddable":true,"href":"https:\/\/susistemapruebas.com\/grapi\/wp-json\/wp\/v2\/media\/8535"}],"wp:attachment":[{"href":"https:\/\/susistemapruebas.com\/grapi\/wp-json\/wp\/v2\/media?parent=8534"}],"wp:term":[{"taxonomy":"product_brand","embeddable":true,"href":"https:\/\/susistemapruebas.com\/grapi\/wp-json\/wp\/v2\/product_brand?post=8534"},{"taxonomy":"product_cat","embeddable":true,"href":"https:\/\/susistemapruebas.com\/grapi\/wp-json\/wp\/v2\/product_cat?post=8534"},{"taxonomy":"product_tag","embeddable":true,"href":"https:\/\/susistemapruebas.com\/grapi\/wp-json\/wp\/v2\/product_tag?post=8534"}],"curies":[{"name":"wp","href":"https:\/\/api.w.org\/{rel}","templated":true}]}}