{"id":8531,"date":"2024-07-06T02:38:40","date_gmt":"2024-07-06T02:38:40","guid":{"rendered":"https:\/\/susistemapruebas.com\/grapi\/?post_type=product&#038;p=8531"},"modified":"2024-07-06T02:38:40","modified_gmt":"2024-07-06T02:38:40","slug":"patin-ejercitador-de-mano-brazo-para-terapia-ocupacional","status":"publish","type":"product","link":"https:\/\/susistemapruebas.com\/grapi\/producto\/patin-ejercitador-de-mano-brazo-para-terapia-ocupacional\/","title":{"rendered":"PATIN EJERCITADOR DE  MANO \/ BRAZO PARA TERAPIA OCUPACIONAL"},"content":{"rendered":"<h4><strong>PATIN EJERCITADOR DE \u00a0MANO \/ BRAZO PARA TERAPIA OCUPACIONAL<\/strong><\/h4>\n<p>Perfecto para ejercicios de rango de movimiento y tambi\u00e9n puede mejorar la fuerza y la flexibilidad del brazo y el hombro. Se puede usar en hospitales, cl\u00ednicas o para uso personal. La comodidad es la prioridad con el pat\u00edn contorneado y las correas forradas con piel de oveja sint\u00e9tica.<\/p>\n<p>Descansa sobre ruedas silenciosas con rodamientos de bolas.<\/p>\n<p>Incluye una correa de la marca VELCRO f\u00e1cil de sujetar forrada con piel de imitaci\u00f3n oveja (sint\u00e9tica).<\/p>\n<p>Dimensiones:\u00a0 15 x 30 cms<\/p>\n","protected":false},"excerpt":{"rendered":"<h4><strong>PATIN EJERCITADOR DE \u00a0MANO \/ BRAZO PARA TERAPIA OCUPACIONAL<\/strong><\/h4>\n","protected":false},"featured_media":8532,"template":"","meta":[],"product_brand":[],"product_cat":[79],"product_tag":[],"class_list":{"0":"post-8531","1":"product","2":"type-product","3":"status-publish","4":"has-post-thumbnail","6":"product_cat-terapia-ocupacional","8":"first","9":"instock","10":"shipping-taxable","11":"product-type-simple"},"_links":{"self":[{"href":"https:\/\/susistemapruebas.com\/grapi\/wp-json\/wp\/v2\/product\/8531","targetHints":{"allow":["GET"]}}],"collection":[{"href":"https:\/\/susistemapruebas.com\/grapi\/wp-json\/wp\/v2\/product"}],"about":[{"href":"https:\/\/susistemapruebas.com\/grapi\/wp-json\/wp\/v2\/types\/product"}],"wp:featuredmedia":[{"embeddable":true,"href":"https:\/\/susistemapruebas.com\/grapi\/wp-json\/wp\/v2\/media\/8532"}],"wp:attachment":[{"href":"https:\/\/susistemapruebas.com\/grapi\/wp-json\/wp\/v2\/media?parent=8531"}],"wp:term":[{"taxonomy":"product_brand","embeddable":true,"href":"https:\/\/susistemapruebas.com\/grapi\/wp-json\/wp\/v2\/product_brand?post=8531"},{"taxonomy":"product_cat","embeddable":true,"href":"https:\/\/susistemapruebas.com\/grapi\/wp-json\/wp\/v2\/product_cat?post=8531"},{"taxonomy":"product_tag","embeddable":true,"href":"https:\/\/susistemapruebas.com\/grapi\/wp-json\/wp\/v2\/product_tag?post=8531"}],"curies":[{"name":"wp","href":"https:\/\/api.w.org\/{rel}","templated":true}]}}