{"id":8507,"date":"2024-07-06T02:25:08","date_gmt":"2024-07-06T02:25:08","guid":{"rendered":"https:\/\/susistemapruebas.com\/grapi\/?post_type=product&#038;p=8507"},"modified":"2024-07-06T02:25:08","modified_gmt":"2024-07-06T02:25:08","slug":"ejercitador-de-mano","status":"publish","type":"product","link":"https:\/\/susistemapruebas.com\/grapi\/producto\/ejercitador-de-mano\/","title":{"rendered":"EJERCITADOR DE MANO"},"content":{"rendered":"<h4><strong>EJERCITADOR DE MANO<\/strong><\/h4>\n<p>La masilla Terapeutica (Manus Comfort Putty) de 85gr y 450gr se utiliza para ejercicios de rehabilitaci\u00f3n y fortalecimiento de la mano y los dedos. Tambi\u00e9n se puede utilizar para tratar el estr\u00e9s y terapia ocupacional.<\/p>\n<ol>\n<li>No tiene olor<\/li>\n<li>No mancha<\/li>\n<li>No deja ning\u00fan residuo en las manos<\/li>\n<li>del paciente.<\/li>\n<li>No t\u00f3xico, sin grasa, hipoalerg\u00e9nico y<\/li>\n<li>libre de l\u00e1tex.<\/li>\n<li>Est\u00e1 disponible en 6 colores \/resistencias:<\/li>\n<\/ol>\n<ul>\n<li>Blanco\/Suave Especial<\/li>\n<li>Crema\/Extra Suave<\/li>\n<li>Amarillo\/Suave<\/li>\n<li>Rojo\/Medio<\/li>\n<li>Verde\/Duro<\/li>\n<li>Azul\/Extra Duro<\/li>\n<\/ul>\n","protected":false},"excerpt":{"rendered":"<h4><strong>EJERCITADOR DE MANO<\/strong><\/h4>\n","protected":false},"featured_media":8508,"template":"","meta":[],"product_brand":[],"product_cat":[79],"product_tag":[],"class_list":{"0":"post-8507","1":"product","2":"type-product","3":"status-publish","4":"has-post-thumbnail","6":"product_cat-terapia-ocupacional","8":"first","9":"instock","10":"shipping-taxable","11":"product-type-simple"},"_links":{"self":[{"href":"https:\/\/susistemapruebas.com\/grapi\/wp-json\/wp\/v2\/product\/8507","targetHints":{"allow":["GET"]}}],"collection":[{"href":"https:\/\/susistemapruebas.com\/grapi\/wp-json\/wp\/v2\/product"}],"about":[{"href":"https:\/\/susistemapruebas.com\/grapi\/wp-json\/wp\/v2\/types\/product"}],"wp:featuredmedia":[{"embeddable":true,"href":"https:\/\/susistemapruebas.com\/grapi\/wp-json\/wp\/v2\/media\/8508"}],"wp:attachment":[{"href":"https:\/\/susistemapruebas.com\/grapi\/wp-json\/wp\/v2\/media?parent=8507"}],"wp:term":[{"taxonomy":"product_brand","embeddable":true,"href":"https:\/\/susistemapruebas.com\/grapi\/wp-json\/wp\/v2\/product_brand?post=8507"},{"taxonomy":"product_cat","embeddable":true,"href":"https:\/\/susistemapruebas.com\/grapi\/wp-json\/wp\/v2\/product_cat?post=8507"},{"taxonomy":"product_tag","embeddable":true,"href":"https:\/\/susistemapruebas.com\/grapi\/wp-json\/wp\/v2\/product_tag?post=8507"}],"curies":[{"name":"wp","href":"https:\/\/api.w.org\/{rel}","templated":true}]}}