{"id":8499,"date":"2024-07-06T02:18:54","date_gmt":"2024-07-06T02:18:54","guid":{"rendered":"https:\/\/susistemapruebas.com\/grapi\/?post_type=product&#038;p=8499"},"modified":"2024-07-06T02:18:54","modified_gmt":"2024-07-06T02:18:54","slug":"taburete-y-banco-de-terapia-con-ruedas-bloqueables","status":"publish","type":"product","link":"https:\/\/susistemapruebas.com\/grapi\/producto\/taburete-y-banco-de-terapia-con-ruedas-bloqueables\/","title":{"rendered":"TABURETE Y BANCO DE TERAPIA CON RUEDAS BLOQUEABLES"},"content":{"rendered":"<p>TABURETE Y BANCO DE TERAPIA CON RUEDAS BLOQUEABLES.<\/p>\n<p>Este banco y taburete de terapia tiene ruedas giratorias bloqueables para ayudar a la maniobrabilidad y garantizar la estabilidad cuando est\u00e1 en posici\u00f3n. Est\u00e1 c\u00f3modamente acolchado y su altura se puede ajustar f\u00e1cilmente para adaptarse al tama\u00f1o del ni\u00f1o. Fabricados e tubo de acero, acabado pintura ep\u00f3dica, acojinado forrado de lona. Tiene 4 ruedas con freno. Altura ajustable por bot\u00f3n.<\/p>\n<p>Especificaciones:<\/p>\n<ul>\n<li>Dimensiones 49 X 54 CMS<\/li>\n<li>Altura ajustable de 36 \u200b\u200ba 46 CMS<\/li>\n<li>Peso m\u00e1ximo del usuario 80 kg<\/li>\n<\/ul>\n","protected":false},"excerpt":{"rendered":"<p>TABURETE Y BANCO DE TERAPIA CON RUEDAS BLOQUEABLES<\/p>\n","protected":false},"featured_media":8500,"template":"","meta":[],"product_brand":[],"product_cat":[78],"product_tag":[],"class_list":{"0":"post-8499","1":"product","2":"type-product","3":"status-publish","4":"has-post-thumbnail","6":"product_cat-terapia-fisica","8":"first","9":"instock","10":"shipping-taxable","11":"product-type-simple"},"_links":{"self":[{"href":"https:\/\/susistemapruebas.com\/grapi\/wp-json\/wp\/v2\/product\/8499","targetHints":{"allow":["GET"]}}],"collection":[{"href":"https:\/\/susistemapruebas.com\/grapi\/wp-json\/wp\/v2\/product"}],"about":[{"href":"https:\/\/susistemapruebas.com\/grapi\/wp-json\/wp\/v2\/types\/product"}],"wp:featuredmedia":[{"embeddable":true,"href":"https:\/\/susistemapruebas.com\/grapi\/wp-json\/wp\/v2\/media\/8500"}],"wp:attachment":[{"href":"https:\/\/susistemapruebas.com\/grapi\/wp-json\/wp\/v2\/media?parent=8499"}],"wp:term":[{"taxonomy":"product_brand","embeddable":true,"href":"https:\/\/susistemapruebas.com\/grapi\/wp-json\/wp\/v2\/product_brand?post=8499"},{"taxonomy":"product_cat","embeddable":true,"href":"https:\/\/susistemapruebas.com\/grapi\/wp-json\/wp\/v2\/product_cat?post=8499"},{"taxonomy":"product_tag","embeddable":true,"href":"https:\/\/susistemapruebas.com\/grapi\/wp-json\/wp\/v2\/product_tag?post=8499"}],"curies":[{"name":"wp","href":"https:\/\/api.w.org\/{rel}","templated":true}]}}