{"id":8494,"date":"2024-07-06T02:15:58","date_gmt":"2024-07-06T02:15:58","guid":{"rendered":"https:\/\/susistemapruebas.com\/grapi\/?post_type=product&#038;p=8494"},"modified":"2024-07-06T02:15:58","modified_gmt":"2024-07-06T02:15:58","slug":"soporte-entrenador-de-gateo","status":"publish","type":"product","link":"https:\/\/susistemapruebas.com\/grapi\/producto\/soporte-entrenador-de-gateo\/","title":{"rendered":"SOPORTE ENTRENADOR DE GATEO"},"content":{"rendered":"<p><strong>SOPORTE ENTRENADOR DE GATEO<\/strong><\/p>\n<p>El rastreador del ni\u00f1o est\u00e1 dise\u00f1ado para el desarrollo de habilidades, fisioterapia y uso en el hogar. Ideal para ni\u00f1os que necesitan soporte corporal adicional, ajustable ayuda a desarrollar movimientos de gateo y a aumentar la movilidad. tambi\u00e9n se puede usar para tratar a ni\u00f1os que generalmente tienen dificultades para tolerar el movimiento.<\/p>\n<p>Tiene un descanso acolchado para que sea c\u00f3modo acostarse. El marco abierto y las ruedas giratorias facilitan que el ni\u00f1o mueva la rueda en cualquier direcci\u00f3n.<\/p>\n<p>Especificaciones:<\/p>\n<ul>\n<li>La altura se ajusta de 28 CMS a 38 CMS<\/li>\n<li>Mide 35 CMS de ancho.<\/li>\n<li>Acomoda a ni\u00f1os de 3 a 9 a\u00f1os de edad.<\/li>\n<li>El soporte del cuerpo de lona se inclina hacia adelante o hacia atr\u00e1s para una posici\u00f3n correcta y fomenta las respuestas vestibulares.<\/li>\n<li>Marco de tubo cuadrado o redondo.<\/li>\n<li>Acabado: cromado<\/li>\n<\/ul>\n","protected":false},"excerpt":{"rendered":"<p><strong>SOPORTE ENTRENADOR DE GATEO<\/strong><\/p>\n","protected":false},"featured_media":8495,"template":"","meta":[],"product_brand":[],"product_cat":[78],"product_tag":[],"class_list":{"0":"post-8494","1":"product","2":"type-product","3":"status-publish","4":"has-post-thumbnail","6":"product_cat-terapia-fisica","8":"first","9":"instock","10":"shipping-taxable","11":"product-type-simple"},"_links":{"self":[{"href":"https:\/\/susistemapruebas.com\/grapi\/wp-json\/wp\/v2\/product\/8494","targetHints":{"allow":["GET"]}}],"collection":[{"href":"https:\/\/susistemapruebas.com\/grapi\/wp-json\/wp\/v2\/product"}],"about":[{"href":"https:\/\/susistemapruebas.com\/grapi\/wp-json\/wp\/v2\/types\/product"}],"wp:featuredmedia":[{"embeddable":true,"href":"https:\/\/susistemapruebas.com\/grapi\/wp-json\/wp\/v2\/media\/8495"}],"wp:attachment":[{"href":"https:\/\/susistemapruebas.com\/grapi\/wp-json\/wp\/v2\/media?parent=8494"}],"wp:term":[{"taxonomy":"product_brand","embeddable":true,"href":"https:\/\/susistemapruebas.com\/grapi\/wp-json\/wp\/v2\/product_brand?post=8494"},{"taxonomy":"product_cat","embeddable":true,"href":"https:\/\/susistemapruebas.com\/grapi\/wp-json\/wp\/v2\/product_cat?post=8494"},{"taxonomy":"product_tag","embeddable":true,"href":"https:\/\/susistemapruebas.com\/grapi\/wp-json\/wp\/v2\/product_tag?post=8494"}],"curies":[{"name":"wp","href":"https:\/\/api.w.org\/{rel}","templated":true}]}}