{"id":8466,"date":"2024-07-06T01:43:21","date_gmt":"2024-07-06T01:43:21","guid":{"rendered":"https:\/\/susistemapruebas.com\/grapi\/?post_type=product&#038;p=8466"},"modified":"2024-07-06T01:43:22","modified_gmt":"2024-07-06T01:43:22","slug":"max-balance-plate","status":"publish","type":"product","link":"https:\/\/susistemapruebas.com\/grapi\/producto\/max-balance-plate\/","title":{"rendered":"MAX BALANCE PLATE"},"content":{"rendered":"<p><strong>MAX BALANCE PLATE<\/strong><\/p>\n<p>Est\u00e1 dise\u00f1ado para el entrenamiento del equilibrio. La combinaci\u00f3n de la\u00a0 almohadilla con la tabla mejora su sentido de habilidades de equilibrio,\u00a0 coordinaci\u00f3n, reacci\u00f3n y motoras. Puede ser utilizado acostado, de rodillas, sentado y caminando o en movimiento, tambi\u00e9n se puede incorporar con otros equipos de ejercicios para completar la rehabilitaci\u00f3n.<\/p>\n<ul>\n<li><strong>Dimensiones: 39cm de Di\u00e1metro X 9cm de Altura<\/strong><\/li>\n<li><strong>Capacidad: 100kg<\/strong><\/li>\n<\/ul>\n","protected":false},"excerpt":{"rendered":"<p><strong>MAX BALANCE PLATE<\/strong><\/p>\n","protected":false},"featured_media":8467,"template":"","meta":[],"product_brand":[],"product_cat":[78],"product_tag":[],"class_list":{"0":"post-8466","1":"product","2":"type-product","3":"status-publish","4":"has-post-thumbnail","6":"product_cat-terapia-fisica","8":"first","9":"instock","10":"shipping-taxable","11":"product-type-simple"},"_links":{"self":[{"href":"https:\/\/susistemapruebas.com\/grapi\/wp-json\/wp\/v2\/product\/8466","targetHints":{"allow":["GET"]}}],"collection":[{"href":"https:\/\/susistemapruebas.com\/grapi\/wp-json\/wp\/v2\/product"}],"about":[{"href":"https:\/\/susistemapruebas.com\/grapi\/wp-json\/wp\/v2\/types\/product"}],"wp:featuredmedia":[{"embeddable":true,"href":"https:\/\/susistemapruebas.com\/grapi\/wp-json\/wp\/v2\/media\/8467"}],"wp:attachment":[{"href":"https:\/\/susistemapruebas.com\/grapi\/wp-json\/wp\/v2\/media?parent=8466"}],"wp:term":[{"taxonomy":"product_brand","embeddable":true,"href":"https:\/\/susistemapruebas.com\/grapi\/wp-json\/wp\/v2\/product_brand?post=8466"},{"taxonomy":"product_cat","embeddable":true,"href":"https:\/\/susistemapruebas.com\/grapi\/wp-json\/wp\/v2\/product_cat?post=8466"},{"taxonomy":"product_tag","embeddable":true,"href":"https:\/\/susistemapruebas.com\/grapi\/wp-json\/wp\/v2\/product_tag?post=8466"}],"curies":[{"name":"wp","href":"https:\/\/api.w.org\/{rel}","templated":true}]}}