{"id":8407,"date":"2024-07-06T00:33:57","date_gmt":"2024-07-06T00:33:57","guid":{"rendered":"https:\/\/susistemapruebas.com\/grapi\/?post_type=product&#038;p=8407"},"modified":"2024-07-06T00:33:57","modified_gmt":"2024-07-06T00:33:57","slug":"bancos-con-altura-e-inclinacion-ajustable","status":"publish","type":"product","link":"https:\/\/susistemapruebas.com\/grapi\/producto\/bancos-con-altura-e-inclinacion-ajustable\/","title":{"rendered":"BANCOS CON ALTURA E INCLINACION AJUSTABLE"},"content":{"rendered":"<h4><strong>BANCOS CON ALTURA E INCLINACION AJUSTABLE<\/strong><\/h4>\n<p>Los bancos brindan maniobrabilidad permitiendo que los pies de un ni\u00f1o alcancen el piso mientras est\u00e1 sentado. Proporciona estabilidad y comodidad mientras est\u00e1 sentado. Ideal para su uso en actividades de fisioterapia y terapia ocupacional para proporcionar una plataforma estable, c\u00f3modo asiento cuando se trabaja con los pacientes. Elaborados en madera, acabado barniz natural, acolchado en la parte superior para un uso c\u00f3modo y de apoyo<\/p>\n<p>Beneficios del producto:<\/p>\n<ul>\n<li>Construcci\u00f3n s\u00f3lida y estable.<\/li>\n<li>Ideal para ni\u00f1os que aprenden a moverse de un nivel a otro.<\/li>\n<li>Las patas ranuradas hacen que sea f\u00e1cil y r\u00e1pido para los terapeutas elevar, bajar o inclinar la superficie del asiento.<\/li>\n<li>Ayuda a lograr movimientos m\u00e1ximos de brazos y manos para jugar, aprender y actividades cotidianas<\/li>\n<\/ul>\n<p>Peque\u00f1o \u00a0\u00a0\u00a0\u00a0\u00a0\u00a0\u00a0\u00a0 26 X 66 CMS la altura se ajusta 18 \u2013 28 CMS<\/p>\n<p>Grande \u2013 \u00a0\u00a0\u00a0\u00a0\u00a0\u00a0\u00a0 35 X 78 CMS la altura se ajusta 27 \u2013 43 CMS.<\/p>\n<p>Extra grande: \u00a0 35 X 78 CMS la altura se ajusta 40 \u2013 58 CMS.<\/p>\n","protected":false},"excerpt":{"rendered":"<h4><strong>BANCOS CON ALTURA E INCLINACION AJUSTABLE<\/strong><\/h4>\n","protected":false},"featured_media":8408,"template":"","meta":[],"product_brand":[],"product_cat":[78],"product_tag":[],"class_list":{"0":"post-8407","1":"product","2":"type-product","3":"status-publish","4":"has-post-thumbnail","6":"product_cat-terapia-fisica","8":"first","9":"instock","10":"shipping-taxable","11":"product-type-simple"},"_links":{"self":[{"href":"https:\/\/susistemapruebas.com\/grapi\/wp-json\/wp\/v2\/product\/8407","targetHints":{"allow":["GET"]}}],"collection":[{"href":"https:\/\/susistemapruebas.com\/grapi\/wp-json\/wp\/v2\/product"}],"about":[{"href":"https:\/\/susistemapruebas.com\/grapi\/wp-json\/wp\/v2\/types\/product"}],"wp:featuredmedia":[{"embeddable":true,"href":"https:\/\/susistemapruebas.com\/grapi\/wp-json\/wp\/v2\/media\/8408"}],"wp:attachment":[{"href":"https:\/\/susistemapruebas.com\/grapi\/wp-json\/wp\/v2\/media?parent=8407"}],"wp:term":[{"taxonomy":"product_brand","embeddable":true,"href":"https:\/\/susistemapruebas.com\/grapi\/wp-json\/wp\/v2\/product_brand?post=8407"},{"taxonomy":"product_cat","embeddable":true,"href":"https:\/\/susistemapruebas.com\/grapi\/wp-json\/wp\/v2\/product_cat?post=8407"},{"taxonomy":"product_tag","embeddable":true,"href":"https:\/\/susistemapruebas.com\/grapi\/wp-json\/wp\/v2\/product_tag?post=8407"}],"curies":[{"name":"wp","href":"https:\/\/api.w.org\/{rel}","templated":true}]}}