{"id":8344,"date":"2024-07-05T02:47:10","date_gmt":"2024-07-05T02:47:10","guid":{"rendered":"https:\/\/susistemapruebas.com\/grapi\/?post_type=product&#038;p=8344"},"modified":"2024-07-05T02:47:10","modified_gmt":"2024-07-05T02:47:10","slug":"compresero-frio-colpac-freezer","status":"publish","type":"product","link":"https:\/\/susistemapruebas.com\/grapi\/producto\/compresero-frio-colpac-freezer\/","title":{"rendered":"COMPRESERO FRIO COLPAC FREEZER"},"content":{"rendered":"<h4><strong>COMPRESERO FRIO COLPAC FREEZER<\/strong><\/h4>\n<p>El ColPac\u00ae Freezer tiene una gran capacidad de almacenamiento y un tiempo de enfriamiento reducido, lo que permite siempre tener una compresa fr\u00eda a\u00a0 disposici\u00f3n. Ayuda a mantener el ritmo en d\u00edas de mucho trabajo. No necesita\u00a0 tuber\u00edas, s\u00f3lo se conecta a una toma de corriente est\u00e1ndar.<\/p>\n<ol>\n<li>Enfriamiento r\u00e1pido de las compresas.<\/li>\n<li>Mantiene la temperatura ideal para tratamiento en fr\u00edo.<\/li>\n<li>Cuenta con cinco pies c\u00fabicos de capacidad.<\/li>\n<li>Incluye cuatro c\u00f3modas secciones de congelaci\u00f3n.<\/li>\n<li>Secciones est\u00e1n elaboradas en acero inoxidable duradero, con bandejas y soportes para copas de hielo.<\/li>\n<li>Cada compresa fr\u00eda se puede volver a utilizar despu\u00e9s de dos horas de enfriamiento.<\/li>\n<li>Incluye 12 compresas fr\u00edas est\u00e1ndar.<\/li>\n<\/ol>\n<p>Especificaciones t\u00e9cnicas:<\/p>\n<ul>\n<li>Dimensiones: 53 x 66 x 86 cm.<\/li>\n<li>Listado UL y listado cUL.<\/li>\n<li>Alimentaci\u00f3n El\u00e9ctrica: 120V, 60Hz.<\/li>\n<\/ul>\n","protected":false},"excerpt":{"rendered":"<h4><strong>COMPRESERO FRIO COLPAC FREEZER<\/strong><\/h4>\n","protected":false},"featured_media":8345,"template":"","meta":[],"product_brand":[],"product_cat":[80],"product_tag":[],"class_list":{"0":"post-8344","1":"product","2":"type-product","3":"status-publish","4":"has-post-thumbnail","6":"product_cat-termoterapia","8":"first","9":"instock","10":"shipping-taxable","11":"product-type-simple"},"_links":{"self":[{"href":"https:\/\/susistemapruebas.com\/grapi\/wp-json\/wp\/v2\/product\/8344","targetHints":{"allow":["GET"]}}],"collection":[{"href":"https:\/\/susistemapruebas.com\/grapi\/wp-json\/wp\/v2\/product"}],"about":[{"href":"https:\/\/susistemapruebas.com\/grapi\/wp-json\/wp\/v2\/types\/product"}],"wp:featuredmedia":[{"embeddable":true,"href":"https:\/\/susistemapruebas.com\/grapi\/wp-json\/wp\/v2\/media\/8345"}],"wp:attachment":[{"href":"https:\/\/susistemapruebas.com\/grapi\/wp-json\/wp\/v2\/media?parent=8344"}],"wp:term":[{"taxonomy":"product_brand","embeddable":true,"href":"https:\/\/susistemapruebas.com\/grapi\/wp-json\/wp\/v2\/product_brand?post=8344"},{"taxonomy":"product_cat","embeddable":true,"href":"https:\/\/susistemapruebas.com\/grapi\/wp-json\/wp\/v2\/product_cat?post=8344"},{"taxonomy":"product_tag","embeddable":true,"href":"https:\/\/susistemapruebas.com\/grapi\/wp-json\/wp\/v2\/product_tag?post=8344"}],"curies":[{"name":"wp","href":"https:\/\/api.w.org\/{rel}","templated":true}]}}