{"id":8342,"date":"2024-07-05T02:45:45","date_gmt":"2024-07-05T02:45:45","guid":{"rendered":"https:\/\/susistemapruebas.com\/grapi\/?post_type=product&#038;p=8342"},"modified":"2024-07-05T02:45:45","modified_gmt":"2024-07-05T02:45:45","slug":"compresas-humedo-caliente","status":"publish","type":"product","link":"https:\/\/susistemapruebas.com\/grapi\/producto\/compresas-humedo-caliente\/","title":{"rendered":"COMPRESAS H\u00daMEDO-CALIENTE"},"content":{"rendered":"<h4><strong>COMPRESAS H\u00daMEDO-CALIENTE<\/strong><\/h4>\n<p>Con diferentes tama\u00f1os dise\u00f1ados para ajustarse a cada parte del cuerpo para la termoterapia ideal.<\/p>\n<p>Leng\u00fcetas marrones en la mayor\u00eda de los modelos para agilizar su rotaci\u00f3n en cl\u00ednicas muy concurridas.<\/p>\n<p>Rentables, cada compresa ofrece cientos de tratamientos.<\/p>\n<ul>\n<li>COMPRESA CALIENTE 5X12\u2033 ( 15 x 30 cms )<\/li>\n<li>COMPRESA CALIENTE ESTANDAR 10X12\u2033 ( 25 x 30 cms )<\/li>\n<li>COMPRESA CALIENTE OVERSIZE 15X24\u2033. ( 38 x 60 cms )<\/li>\n<li>COMPRESA CALIENTE ESPINAL 10X18\u2033 ( 25 x 45 cms )<\/li>\n<li>COMPRESA CALIENTE ESPINAL GRANDE 10X24\u2033. ( 25 x 60 cms )<\/li>\n<li>COMPRESA CALIENTE HOMRBO\/RODILLA 10X20\u2033. ( 25 x 50 cms )<\/li>\n<li>COMPRESA CALIENTE CERVICAL 24\u2033 ( 61 cms )<\/li>\n<\/ul>\n","protected":false},"excerpt":{"rendered":"<h4><strong>COMPRESAS H\u00daMEDO-CALIENTE<\/strong><\/h4>\n","protected":false},"featured_media":8343,"template":"","meta":[],"product_brand":[],"product_cat":[80],"product_tag":[],"class_list":{"0":"post-8342","1":"product","2":"type-product","3":"status-publish","4":"has-post-thumbnail","6":"product_cat-termoterapia","8":"first","9":"instock","10":"shipping-taxable","11":"product-type-simple"},"_links":{"self":[{"href":"https:\/\/susistemapruebas.com\/grapi\/wp-json\/wp\/v2\/product\/8342","targetHints":{"allow":["GET"]}}],"collection":[{"href":"https:\/\/susistemapruebas.com\/grapi\/wp-json\/wp\/v2\/product"}],"about":[{"href":"https:\/\/susistemapruebas.com\/grapi\/wp-json\/wp\/v2\/types\/product"}],"wp:featuredmedia":[{"embeddable":true,"href":"https:\/\/susistemapruebas.com\/grapi\/wp-json\/wp\/v2\/media\/8343"}],"wp:attachment":[{"href":"https:\/\/susistemapruebas.com\/grapi\/wp-json\/wp\/v2\/media?parent=8342"}],"wp:term":[{"taxonomy":"product_brand","embeddable":true,"href":"https:\/\/susistemapruebas.com\/grapi\/wp-json\/wp\/v2\/product_brand?post=8342"},{"taxonomy":"product_cat","embeddable":true,"href":"https:\/\/susistemapruebas.com\/grapi\/wp-json\/wp\/v2\/product_cat?post=8342"},{"taxonomy":"product_tag","embeddable":true,"href":"https:\/\/susistemapruebas.com\/grapi\/wp-json\/wp\/v2\/product_tag?post=8342"}],"curies":[{"name":"wp","href":"https:\/\/api.w.org\/{rel}","templated":true}]}}