{"id":8323,"date":"2024-07-05T01:45:03","date_gmt":"2024-07-05T01:45:03","guid":{"rendered":"https:\/\/susistemapruebas.com\/grapi\/?post_type=product&#038;p=8323"},"modified":"2024-07-05T01:45:03","modified_gmt":"2024-07-05T01:45:03","slug":"las-pesas-de-acero-de-tobillo-y-muneca","status":"publish","type":"product","link":"https:\/\/susistemapruebas.com\/grapi\/producto\/las-pesas-de-acero-de-tobillo-y-muneca\/","title":{"rendered":"LAS PESAS DE ACERO DE TOBILLO Y MU\u00d1ECA"},"content":{"rendered":"<p>Est\u00e1n cubiertas de vinilo amarillo resistente al agua y se pueden agregar o quitar seg\u00fan sea necesario. La aleta acolchada protege las mu\u00f1ecas y los tobillos, al tiempo que mantiene las mu\u00f1ecas seguras. La hebilla antideslizante y el cierre de cierre t\u00e1ctil los hace f\u00e1ciles de quitar. Los pesos de la terapia acu\u00e1tica se pueden usar para rehabilitaci\u00f3n y entrenamiento de fuerza.<\/p>\n","protected":false},"excerpt":{"rendered":"<h4><strong>LAS PESAS DE ACERO DE TOBILLO Y MU\u00d1ECA<\/strong><\/h4>\n","protected":false},"featured_media":8322,"template":"","meta":[],"product_brand":[],"product_cat":[75],"product_tag":[],"class_list":{"0":"post-8323","1":"product","2":"type-product","3":"status-publish","4":"has-post-thumbnail","6":"product_cat-hidroterapia","8":"first","9":"instock","10":"shipping-taxable","11":"product-type-simple"},"_links":{"self":[{"href":"https:\/\/susistemapruebas.com\/grapi\/wp-json\/wp\/v2\/product\/8323","targetHints":{"allow":["GET"]}}],"collection":[{"href":"https:\/\/susistemapruebas.com\/grapi\/wp-json\/wp\/v2\/product"}],"about":[{"href":"https:\/\/susistemapruebas.com\/grapi\/wp-json\/wp\/v2\/types\/product"}],"wp:featuredmedia":[{"embeddable":true,"href":"https:\/\/susistemapruebas.com\/grapi\/wp-json\/wp\/v2\/media\/8322"}],"wp:attachment":[{"href":"https:\/\/susistemapruebas.com\/grapi\/wp-json\/wp\/v2\/media?parent=8323"}],"wp:term":[{"taxonomy":"product_brand","embeddable":true,"href":"https:\/\/susistemapruebas.com\/grapi\/wp-json\/wp\/v2\/product_brand?post=8323"},{"taxonomy":"product_cat","embeddable":true,"href":"https:\/\/susistemapruebas.com\/grapi\/wp-json\/wp\/v2\/product_cat?post=8323"},{"taxonomy":"product_tag","embeddable":true,"href":"https:\/\/susistemapruebas.com\/grapi\/wp-json\/wp\/v2\/product_tag?post=8323"}],"curies":[{"name":"wp","href":"https:\/\/api.w.org\/{rel}","templated":true}]}}