{"id":8317,"date":"2024-07-05T01:29:11","date_gmt":"2024-07-05T01:29:11","guid":{"rendered":"https:\/\/susistemapruebas.com\/grapi\/?post_type=product&#038;p=8317"},"modified":"2025-05-29T19:01:55","modified_gmt":"2025-05-29T19:01:55","slug":"cinturon-de-flotacion","status":"publish","type":"product","link":"https:\/\/susistemapruebas.com\/grapi\/producto\/cinturon-de-flotacion\/","title":{"rendered":"CINTURON DE FLOTACION"},"content":{"rendered":"<p>El soporte para cintur\u00f3n es un cintur\u00f3n el\u00e1stico flotante que sostiene la parte inferior de la espalda durante el ejercicio acu\u00e1tico con un ajuste c\u00f3modo pero c\u00f3modo. Cuenta con una hebilla de liberaci\u00f3n r\u00e1pida para mayor seguridad.<\/p>\n","protected":false},"excerpt":{"rendered":"<h4><strong>CINTUR\u00d3N\u00a0DE\u00a0FLOTACI\u00d3N<\/strong><\/h4>\n","protected":false},"featured_media":8318,"template":"","meta":[],"product_brand":[],"product_cat":[81,75],"product_tag":[],"class_list":{"0":"post-8317","1":"product","2":"type-product","3":"status-publish","4":"has-post-thumbnail","6":"product_cat-accesorios-para-hidroterapia","7":"product_cat-hidroterapia","9":"first","10":"instock","11":"shipping-taxable","12":"product-type-simple"},"_links":{"self":[{"href":"https:\/\/susistemapruebas.com\/grapi\/wp-json\/wp\/v2\/product\/8317","targetHints":{"allow":["GET"]}}],"collection":[{"href":"https:\/\/susistemapruebas.com\/grapi\/wp-json\/wp\/v2\/product"}],"about":[{"href":"https:\/\/susistemapruebas.com\/grapi\/wp-json\/wp\/v2\/types\/product"}],"wp:featuredmedia":[{"embeddable":true,"href":"https:\/\/susistemapruebas.com\/grapi\/wp-json\/wp\/v2\/media\/8318"}],"wp:attachment":[{"href":"https:\/\/susistemapruebas.com\/grapi\/wp-json\/wp\/v2\/media?parent=8317"}],"wp:term":[{"taxonomy":"product_brand","embeddable":true,"href":"https:\/\/susistemapruebas.com\/grapi\/wp-json\/wp\/v2\/product_brand?post=8317"},{"taxonomy":"product_cat","embeddable":true,"href":"https:\/\/susistemapruebas.com\/grapi\/wp-json\/wp\/v2\/product_cat?post=8317"},{"taxonomy":"product_tag","embeddable":true,"href":"https:\/\/susistemapruebas.com\/grapi\/wp-json\/wp\/v2\/product_tag?post=8317"}],"curies":[{"name":"wp","href":"https:\/\/api.w.org\/{rel}","templated":true}]}}