{"id":8267,"date":"2024-07-05T00:30:27","date_gmt":"2024-07-05T00:30:27","guid":{"rendered":"https:\/\/susistemapruebas.com\/grapi\/?post_type=product&#038;p=8267"},"modified":"2024-07-05T00:30:27","modified_gmt":"2024-07-05T00:30:27","slug":"ultrasonido-portatil","status":"publish","type":"product","link":"https:\/\/susistemapruebas.com\/grapi\/producto\/ultrasonido-portatil\/","title":{"rendered":"ULTRASONIDO PORTATIL"},"content":{"rendered":"<div class=\"azoom-text-details\">\n<p>El ultrasonido port\u00e1til US Pro 2000 2da Edici\u00f3n es un dispositivo de ultrasonido terap\u00e9utico de grado cl\u00ednico que ayuda con el alivio eficaz del dolor. Las ondas sonoras pulsadas penetran profundamente en el tejido e inducen la vasodilataci\u00f3n, lo que ayuda a aumentar el flujo sangu\u00edneo al \u00e1rea tratada y se encuentra que ayuda a aliviar el dolor y reducir los espasmos musculares. Viene equipado \u00fanicamente con una funci\u00f3n de precalentamiento de cabeza de sonido en una cabeza de sonido dise\u00f1ada ergon\u00f3micamente para mayor comodidad del paciente. Antes de comenzar la terapia, el cabezal de la cabeza se precalienta para que sea m\u00e1s c\u00f3modo y c\u00e1lido. Una vez que la terapia est\u00e1 activada, la funci\u00f3n de precalentamiento se apaga para permitir el tratamiento m\u00e1s efectivo.<\/p>\n<\/div>\n<p>Caracter\u00edsticas del producto :<\/p>\n<p>Funciona en modo continuo (100% Ciclo de trabajo).<\/p>\n<p>Funci\u00f3n de calentamiento de la cabeza que precalienta el aplicador de la cabeza ac\u00fastica para una mayor comodidad del paciente<\/p>\n<p>Estanco para el uso en terapia subacu\u00e1tica (Cabeza del ultrasonido solamente \u2013 IPX7)<\/p>\n<p>3 intensidades de potencia de salida seleccionables<\/p>\n<p>3 Ajustes del temporizador (5, 10 o 15 minutos)<\/p>\n<p>Dise\u00f1o peque\u00f1o y ergon\u00f3mico, f\u00e1cil de sujetar y port\u00e1til<\/p>\n<p>1 a\u00f1o de garant\u00eda del fabricante<\/p>\n<p>Doctor Recomendar &amp; Paciente Trusted<\/p>\n<p>Viene completo con todo lo que necesita para iniciar el tratamiento de inmediato:<\/p>\n<p>Dispositivo de ultrasonidos<\/p>\n<p>Gel de Ultrasonido 2oz<\/p>\n<p>Adaptador AC \/ DC<\/p>\n<p>Malet\u00edn de transporte duro<\/p>\n<p>Gu\u00eda de inicio r\u00e1pido<\/p>\n<p>Manual de instrucciones<\/p>\n","protected":false},"excerpt":{"rendered":"<p><strong>ULTRASONIDO PORT\u00c1TIL TERAPEUTICO USPRO 2000 PROFESIONAL<\/strong><\/p>\n","protected":false},"featured_media":8268,"template":"","meta":[],"product_brand":[],"product_cat":[74],"product_tag":[],"class_list":{"0":"post-8267","1":"product","2":"type-product","3":"status-publish","4":"has-post-thumbnail","6":"product_cat-electroterapia","8":"first","9":"instock","10":"shipping-taxable","11":"product-type-simple"},"_links":{"self":[{"href":"https:\/\/susistemapruebas.com\/grapi\/wp-json\/wp\/v2\/product\/8267","targetHints":{"allow":["GET"]}}],"collection":[{"href":"https:\/\/susistemapruebas.com\/grapi\/wp-json\/wp\/v2\/product"}],"about":[{"href":"https:\/\/susistemapruebas.com\/grapi\/wp-json\/wp\/v2\/types\/product"}],"wp:featuredmedia":[{"embeddable":true,"href":"https:\/\/susistemapruebas.com\/grapi\/wp-json\/wp\/v2\/media\/8268"}],"wp:attachment":[{"href":"https:\/\/susistemapruebas.com\/grapi\/wp-json\/wp\/v2\/media?parent=8267"}],"wp:term":[{"taxonomy":"product_brand","embeddable":true,"href":"https:\/\/susistemapruebas.com\/grapi\/wp-json\/wp\/v2\/product_brand?post=8267"},{"taxonomy":"product_cat","embeddable":true,"href":"https:\/\/susistemapruebas.com\/grapi\/wp-json\/wp\/v2\/product_cat?post=8267"},{"taxonomy":"product_tag","embeddable":true,"href":"https:\/\/susistemapruebas.com\/grapi\/wp-json\/wp\/v2\/product_tag?post=8267"}],"curies":[{"name":"wp","href":"https:\/\/api.w.org\/{rel}","templated":true}]}}