{"id":8260,"date":"2024-07-05T00:24:07","date_gmt":"2024-07-05T00:24:07","guid":{"rendered":"https:\/\/susistemapruebas.com\/grapi\/?post_type=product&#038;p=8260"},"modified":"2024-07-05T00:24:07","modified_gmt":"2024-07-05T00:24:07","slug":"electroestimulador-twin","status":"publish","type":"product","link":"https:\/\/susistemapruebas.com\/grapi\/producto\/electroestimulador-twin\/","title":{"rendered":"ELECTROESTIMULADOR TWIN"},"content":{"rendered":"<p>Dispositivo port\u00e1til con 5 modos TENS y 2 modos EMS. Este dispositivo de electroterapia digital mas popular. Esta unidad TENS compactas y combo estimula los nervios y los m\u00fasculos, lo que le permite tratar diversas tareas con los pacientes.<\/p>\n<p>ESPECIFICACIONES:<\/p>\n<p>Estimulaci\u00f3n nerviosa el\u00e9ctrica transcut\u00e1nea (TENS) y el estimulador electr\u00f3nico del m\u00fasculo (EMS) para controlar el dolor.<\/p>\n<p>Cinco modos TENS: Burst, Modulaci\u00f3n, Constante, MRW, SD, Bi-Pulso<\/p>\n<p>Dos modos EMS: S\u00edncrono y alternas<\/p>\n<p>Ancho de Pulso: 1-150Hz, 45 frecuencias ajustables 100 mA de amplitud.<\/p>\n<p>En rampa Ajustables 1-6 segundos<\/p>\n<p>Ciclo de tiempo ajustable 1-30 segundos.<\/p>\n<p>Forma de onda: asim\u00e9trico pulso cuadrado Bif\u00e1sica<\/p>\n<p>Temporizador de onda: 1 a 60 minutos<\/p>\n<p>Medidas: 2\u201c x 9\u201c x 8\u201c<\/p>\n","protected":false},"excerpt":{"rendered":"<p><strong>ELECTROESTIMULADOR TWIN STIM 2DA EDICI\u00d3N 4 CANALES 2 CORRIENTES (TENS, EMS)<\/strong><\/p>\n","protected":false},"featured_media":8261,"template":"","meta":[],"product_brand":[],"product_cat":[74],"product_tag":[],"class_list":{"0":"post-8260","1":"product","2":"type-product","3":"status-publish","4":"has-post-thumbnail","6":"product_cat-electroterapia","8":"first","9":"instock","10":"shipping-taxable","11":"product-type-simple"},"_links":{"self":[{"href":"https:\/\/susistemapruebas.com\/grapi\/wp-json\/wp\/v2\/product\/8260","targetHints":{"allow":["GET"]}}],"collection":[{"href":"https:\/\/susistemapruebas.com\/grapi\/wp-json\/wp\/v2\/product"}],"about":[{"href":"https:\/\/susistemapruebas.com\/grapi\/wp-json\/wp\/v2\/types\/product"}],"wp:featuredmedia":[{"embeddable":true,"href":"https:\/\/susistemapruebas.com\/grapi\/wp-json\/wp\/v2\/media\/8261"}],"wp:attachment":[{"href":"https:\/\/susistemapruebas.com\/grapi\/wp-json\/wp\/v2\/media?parent=8260"}],"wp:term":[{"taxonomy":"product_brand","embeddable":true,"href":"https:\/\/susistemapruebas.com\/grapi\/wp-json\/wp\/v2\/product_brand?post=8260"},{"taxonomy":"product_cat","embeddable":true,"href":"https:\/\/susistemapruebas.com\/grapi\/wp-json\/wp\/v2\/product_cat?post=8260"},{"taxonomy":"product_tag","embeddable":true,"href":"https:\/\/susistemapruebas.com\/grapi\/wp-json\/wp\/v2\/product_tag?post=8260"}],"curies":[{"name":"wp","href":"https:\/\/api.w.org\/{rel}","templated":true}]}}