{"id":8238,"date":"2024-07-04T23:56:39","date_gmt":"2024-07-04T23:56:39","guid":{"rendered":"https:\/\/susistemapruebas.com\/grapi\/?post_type=product&#038;p=8238"},"modified":"2024-07-04T23:56:39","modified_gmt":"2024-07-04T23:56:39","slug":"electroestimulador-care-tec-ii-tens-ems","status":"publish","type":"product","link":"https:\/\/susistemapruebas.com\/grapi\/producto\/electroestimulador-care-tec-ii-tens-ems\/","title":{"rendered":"ELECTROESTIMULADOR CARE TEC II (TENS\/EMS)"},"content":{"rendered":"<p>Nos ofrece una combinaci\u00f3n de la estimulaci\u00f3n el\u00e9ctrica muscular (EMS) para uso en el fortalecimiento de los m\u00fasculos, mejorar el rango de movimiento y aumento de circulaci\u00f3n as\u00ed como la estimulaci\u00f3n el\u00e9ctrica transcut\u00e1nea de nervios (TENS) para el uso en el alivio del dolor.<\/p>\n<p>M\u00e1xima portabilidad y f\u00e1cil manejo que le ofrece todas las opciones de un dispositivo cl\u00ednico en un paquete port\u00e1til.<\/p>\n<p>Combina la terapia de TENS Y EMS en un solo equipo.<\/p>\n<p>F\u00e1cil de operar dispositivo port\u00e1til para el manejo del dolor.<\/p>\n<p>Dos canales para cuatro electrodos TEMS y EMS.<\/p>\n","protected":false},"excerpt":{"rendered":"<h4><strong>ELECTROESTIMULADOR CARE TEC II (TENS\/EMS)<\/strong><\/h4>\n","protected":false},"featured_media":8239,"template":"","meta":[],"product_brand":[],"product_cat":[74],"product_tag":[],"class_list":{"0":"post-8238","1":"product","2":"type-product","3":"status-publish","4":"has-post-thumbnail","6":"product_cat-electroterapia","8":"first","9":"instock","10":"shipping-taxable","11":"product-type-simple"},"_links":{"self":[{"href":"https:\/\/susistemapruebas.com\/grapi\/wp-json\/wp\/v2\/product\/8238","targetHints":{"allow":["GET"]}}],"collection":[{"href":"https:\/\/susistemapruebas.com\/grapi\/wp-json\/wp\/v2\/product"}],"about":[{"href":"https:\/\/susistemapruebas.com\/grapi\/wp-json\/wp\/v2\/types\/product"}],"wp:featuredmedia":[{"embeddable":true,"href":"https:\/\/susistemapruebas.com\/grapi\/wp-json\/wp\/v2\/media\/8239"}],"wp:attachment":[{"href":"https:\/\/susistemapruebas.com\/grapi\/wp-json\/wp\/v2\/media?parent=8238"}],"wp:term":[{"taxonomy":"product_brand","embeddable":true,"href":"https:\/\/susistemapruebas.com\/grapi\/wp-json\/wp\/v2\/product_brand?post=8238"},{"taxonomy":"product_cat","embeddable":true,"href":"https:\/\/susistemapruebas.com\/grapi\/wp-json\/wp\/v2\/product_cat?post=8238"},{"taxonomy":"product_tag","embeddable":true,"href":"https:\/\/susistemapruebas.com\/grapi\/wp-json\/wp\/v2\/product_tag?post=8238"}],"curies":[{"name":"wp","href":"https:\/\/api.w.org\/{rel}","templated":true}]}}