{"id":8221,"date":"2024-07-04T23:34:38","date_gmt":"2024-07-04T23:34:38","guid":{"rendered":"https:\/\/susistemapruebas.com\/grapi\/?post_type=product&#038;p=8221"},"modified":"2024-07-04T23:34:38","modified_gmt":"2024-07-04T23:34:38","slug":"cunas-tumble","status":"publish","type":"product","link":"https:\/\/susistemapruebas.com\/grapi\/producto\/cunas-tumble\/","title":{"rendered":"CU\u00d1AS TUMBLE"},"content":{"rendered":"<p>Ideal para actividades motoras gruesas<\/p>\n<p>Las cu\u00f1as Tumble Forms 2 son ideales para actividades motoras gruesas como rodar, dar vueltas y caminar cuesta arriba o cuesta abajo. Las cu\u00f1as adaptables brindan un posicionamiento c\u00f3modo para la lectura o las actividades motoras finas y se pueden usar como una alternativa a sentarse cuando un ni\u00f1o no tiene control de la cabeza, del equilibrio o del tronco. Las cu\u00f1as de espuma vienen en varios tama\u00f1os diferentes para adaptarse a una amplia gama de necesidades del usuario, que van desde 4 a 12 pulgadas de altura.<\/p>\n<p>Uso en dec\u00fabito prono o supino<\/p>\n<p>Utilice una, dos o tres cu\u00f1as junto con el ni\u00f1o en dec\u00fabito supino para crear una variedad de posiciones con diferentes niveles de apoyo. Utilizado en dec\u00fabito prono, con soporte de peso a trav\u00e9s de los hombros, codos o antebrazos, se puede facilitar la elevaci\u00f3n de la cabeza y el movimiento controlado de brazos y manos. La inclinaci\u00f3n natural de la forma de la cu\u00f1a ayuda a facilitar la habilidad de rodar y la rotaci\u00f3n del tronco.<\/p>\n<p>Espuma con cubierta sin costuras no t\u00f3xica<\/p>\n<p>La protecci\u00f3n antimicrobiana trabaja desde adentro para ayudar a inhibir o prevenir los olores. Tambi\u00e9n previene el desgaste prematuro del revestimiento causado por el crecimiento de microorganismos da\u00f1inos que puede ocurrir durante las condiciones normales de uso. El revestimiento sin costuras no t\u00f3xico resiste el agrietamiento y la descamaci\u00f3n durante largos per\u00edodos de tiempo, conserva su forma despu\u00e9s de un uso intensivo a largo plazo y se puede limpiar con un limpiador en aerosol o desinfectarse y limpiarse con un pa\u00f1o.<\/p>\n<p>CU\u00d1AS DE POSICIONAMIENTO sin l\u00e1tex dise\u00f1adas para su uso con ni\u00f1os y adultos con discapacidades f\u00edsicas durante las actividades de motricidad gruesa<\/p>\n<p>Las caderas, rodillas y hombros est\u00e1n acolchados, apoyados y animados suavemente para desarrollar fuerza y ayudar a mejorar el equilibrio y las habilidades motoras finas.<\/p>\n<p>Hecho de espuma moldeada con un revestimiento suave y sin costuras resistente a los fluidos corporales, puede limpiarse con un limpiador en aerosol o desinfectarse y limpiarse con un pa\u00f1o.<\/p>\n<p>Ideal para usar cuando un ni\u00f1o tiene un control limitado de la parte superior del cuerpo, las cu\u00f1as se pueden colocar para permitir la interacci\u00f3n social y el juego c\u00f3modo.<\/p>\n<p>Disponible en ocho tama\u00f1os y variaciones de \u00e1ngulo diferentes, lo que brinda un soporte ideal y versatilidad para cada individuo.<\/p>\n","protected":false},"excerpt":{"rendered":"<p><strong>CU\u00d1AS\u00a0\u00a0 TUMBLE FORMS 2<\/strong><\/p>\n","protected":false},"featured_media":8222,"template":"","meta":[],"product_brand":[],"product_cat":[70],"product_tag":[],"class_list":{"0":"post-8221","1":"product","2":"type-product","3":"status-publish","4":"has-post-thumbnail","6":"product_cat-articulos-posturales","8":"first","9":"instock","10":"shipping-taxable","11":"product-type-simple"},"_links":{"self":[{"href":"https:\/\/susistemapruebas.com\/grapi\/wp-json\/wp\/v2\/product\/8221","targetHints":{"allow":["GET"]}}],"collection":[{"href":"https:\/\/susistemapruebas.com\/grapi\/wp-json\/wp\/v2\/product"}],"about":[{"href":"https:\/\/susistemapruebas.com\/grapi\/wp-json\/wp\/v2\/types\/product"}],"wp:featuredmedia":[{"embeddable":true,"href":"https:\/\/susistemapruebas.com\/grapi\/wp-json\/wp\/v2\/media\/8222"}],"wp:attachment":[{"href":"https:\/\/susistemapruebas.com\/grapi\/wp-json\/wp\/v2\/media?parent=8221"}],"wp:term":[{"taxonomy":"product_brand","embeddable":true,"href":"https:\/\/susistemapruebas.com\/grapi\/wp-json\/wp\/v2\/product_brand?post=8221"},{"taxonomy":"product_cat","embeddable":true,"href":"https:\/\/susistemapruebas.com\/grapi\/wp-json\/wp\/v2\/product_cat?post=8221"},{"taxonomy":"product_tag","embeddable":true,"href":"https:\/\/susistemapruebas.com\/grapi\/wp-json\/wp\/v2\/product_tag?post=8221"}],"curies":[{"name":"wp","href":"https:\/\/api.w.org\/{rel}","templated":true}]}}