{"id":8205,"date":"2024-07-04T23:19:46","date_gmt":"2024-07-04T23:19:46","guid":{"rendered":"https:\/\/susistemapruebas.com\/grapi\/?post_type=product&#038;p=8205"},"modified":"2024-07-04T23:19:46","modified_gmt":"2024-07-04T23:19:46","slug":"barril-tumble-2","status":"publish","type":"product","link":"https:\/\/susistemapruebas.com\/grapi\/producto\/barril-tumble-2\/","title":{"rendered":"BARRIL TUMBLE"},"content":{"rendered":"<p>El Tumble Forms 2 Barrel Crawl \/ Roll es excelente para ni\u00f1os con necesidades de terapia ocupacional u otros entornos de terapia. El ni\u00f1o puede experimentar un movimiento r\u00edtmico cuando el terapeuta mece suavemente el barril. Con el tiempo, el ni\u00f1o puede aprender a cambiar su peso para hacer rodar el barril por su cuenta.<\/p>\n<p>El rodillo de arrastre de barriles Tumble Forms 2 es una excelente manera de ayudar a su hijo a aprender a trav\u00e9s del movimiento r\u00edtmico meci\u00e9ndolo suavemente o permiti\u00e9ndole ponerse de rodillas y gatear a trav\u00e9s de este barril de usos m\u00faltiples.<\/p>\n<p>Excelente herramienta de terapia ocupacional<\/p>\n<p>Sin l\u00e1tex<\/p>\n<p>Acolchado firme lo suficientemente suave pero lo suficientemente firme para mantener su forma<\/p>\n<p>Con el tiempo, el ni\u00f1o puede aprender a mecerse<\/p>\n<p>Capacidad de peso de 250 lb<\/p>\n<p>Color azul<\/p>\n<p>Capacidad de peso: 250 lb<\/p>\n<p>Dimensiones: 12 \u00abde di\u00e1metro<\/p>\n","protected":false},"excerpt":{"rendered":"<p><strong>BARRIL TUMBLE FORMS 2 . GATEAR \/ RODAR<\/strong><\/p>\n","protected":false},"featured_media":8206,"template":"","meta":[],"product_brand":[],"product_cat":[70],"product_tag":[],"class_list":{"0":"post-8205","1":"product","2":"type-product","3":"status-publish","4":"has-post-thumbnail","6":"product_cat-articulos-posturales","8":"first","9":"instock","10":"shipping-taxable","11":"product-type-simple"},"_links":{"self":[{"href":"https:\/\/susistemapruebas.com\/grapi\/wp-json\/wp\/v2\/product\/8205","targetHints":{"allow":["GET"]}}],"collection":[{"href":"https:\/\/susistemapruebas.com\/grapi\/wp-json\/wp\/v2\/product"}],"about":[{"href":"https:\/\/susistemapruebas.com\/grapi\/wp-json\/wp\/v2\/types\/product"}],"wp:featuredmedia":[{"embeddable":true,"href":"https:\/\/susistemapruebas.com\/grapi\/wp-json\/wp\/v2\/media\/8206"}],"wp:attachment":[{"href":"https:\/\/susistemapruebas.com\/grapi\/wp-json\/wp\/v2\/media?parent=8205"}],"wp:term":[{"taxonomy":"product_brand","embeddable":true,"href":"https:\/\/susistemapruebas.com\/grapi\/wp-json\/wp\/v2\/product_brand?post=8205"},{"taxonomy":"product_cat","embeddable":true,"href":"https:\/\/susistemapruebas.com\/grapi\/wp-json\/wp\/v2\/product_cat?post=8205"},{"taxonomy":"product_tag","embeddable":true,"href":"https:\/\/susistemapruebas.com\/grapi\/wp-json\/wp\/v2\/product_tag?post=8205"}],"curies":[{"name":"wp","href":"https:\/\/api.w.org\/{rel}","templated":true}]}}