{"id":8125,"date":"2024-07-04T22:29:44","date_gmt":"2024-07-04T22:29:44","guid":{"rendered":"https:\/\/susistemapruebas.com\/grapi\/?post_type=product&#038;p=8125"},"modified":"2024-07-04T22:31:12","modified_gmt":"2024-07-04T22:31:12","slug":"silla-de-ruedas-pca-y-pci","status":"publish","type":"product","link":"https:\/\/susistemapruebas.com\/grapi\/producto\/silla-de-ruedas-pca-y-pci\/","title":{"rendered":"SILLA DE RUEDAS PCA y PCI"},"content":{"rendered":"<p>Sus componentes ofrecen gran estabilidad.<br \/>\nSu amplia gama de regulaciones permite que el usuario se encuentre c\u00f3modo y correctamente sentado, evitando posibles deformaciones ocasionadas por un mal posicionamiento.<br \/>\nAsiento, respaldo, y cabecera acojinados para mayor confort.<br \/>\nCuenta con protectores de brazo para evitar el balanceo involuntario del usuario<br \/>\nProtector corporal para prevenir que el usuario vaya a ser lanzado por la inercia al frenar de emergencia.<br \/>\nDescansa piernas ajustables con 3 distancias para altura del coj\u00edn.<br \/>\nArn\u00e9s tipo cintur\u00f3n cruzado<br \/>\nPist\u00f3n de espiral que controla la reclinaci\u00f3n de la silla<br \/>\nBloqueo de ruedas que evita deslizamientos cuando la silla esta detenida.<br \/>\nF\u00e1cil mantenimiento, se puede limpiar con un pa\u00f1o h\u00famedo.<\/p>\n<ul class=\"_3adjr\" data-hook=\"stacked-info-section\">\n<li class=\"_1YFmr _7UGlX\" data-hook=\"stacked-info-item\">\n<div class=\"_6s2bg fggS- cell\">\n<h2 class=\"Text4261962342__root Text4261962342---typography-11-runningText Text4261962342---priority-7-primary s8gg2 _149OH InfoSectionTitle3095652555__root\" aria-hidden=\"false\" data-hook=\"info-section-title\">CARACTER\u00cdSTICAS<\/h2>\n<div class=\"WncCi\" data-hook=\"info-section-description\">\n<p>\u2022 Estructura de aluminio en color azul<\/p>\n<p>\u2022 Forro en tela negra con vivos en color azul o rojo.<\/p>\n<p>\u2022 Ancho del asiento 15\u201d y 19\u201d.<\/p>\n<p>\u2022 Asiento, respaldo y cabecera tapizados en tela.<\/p>\n<p>\u2022 Cabezal ajustable.<\/p>\n<p>\u2022 Incluye arn\u00e9s de seguridad.<\/p>\n<p>\u2022 Reclina de 90\u00b0 hasta 160\u00b0.<\/p>\n<p>\u2022 Incluye dos palancas, una para reclinar el respaldo y la otra para reclinar completamente la silla.<\/p>\n<p>\u2022 Descansabrazos rectos y desmontables.<\/p>\n<p>\u2022 Cojines laterales y coj\u00edn abductor tapizados en tela.<\/p>\n<p>\u2022 Eleva piernas abatibles y desmontables.<\/p>\n<p>\u2022 Ruedas traseras de 15\u201d con rin de policarbonato.<\/p>\n<p>\u2022 Ruedas delanteras de 6\u201d.<\/p>\n<p>\u2022 Sistema antivuelco.<\/p>\n<p>\u2022 Soporta 110 kg.<\/p>\n<\/div>\n<\/div>\n<\/li>\n<\/ul>\n","protected":false},"excerpt":{"rendered":"<h2>Plegable para poder transportarla con mayor facilidad.<\/h2>\n","protected":false},"featured_media":8126,"template":"","meta":[],"product_brand":[],"product_cat":[55],"product_tag":[],"class_list":{"0":"post-8125","1":"product","2":"type-product","3":"status-publish","4":"has-post-thumbnail","6":"product_cat-linea-especializada","8":"first","9":"instock","10":"shipping-taxable","11":"product-type-simple"},"_links":{"self":[{"href":"https:\/\/susistemapruebas.com\/grapi\/wp-json\/wp\/v2\/product\/8125","targetHints":{"allow":["GET"]}}],"collection":[{"href":"https:\/\/susistemapruebas.com\/grapi\/wp-json\/wp\/v2\/product"}],"about":[{"href":"https:\/\/susistemapruebas.com\/grapi\/wp-json\/wp\/v2\/types\/product"}],"wp:featuredmedia":[{"embeddable":true,"href":"https:\/\/susistemapruebas.com\/grapi\/wp-json\/wp\/v2\/media\/8126"}],"wp:attachment":[{"href":"https:\/\/susistemapruebas.com\/grapi\/wp-json\/wp\/v2\/media?parent=8125"}],"wp:term":[{"taxonomy":"product_brand","embeddable":true,"href":"https:\/\/susistemapruebas.com\/grapi\/wp-json\/wp\/v2\/product_brand?post=8125"},{"taxonomy":"product_cat","embeddable":true,"href":"https:\/\/susistemapruebas.com\/grapi\/wp-json\/wp\/v2\/product_cat?post=8125"},{"taxonomy":"product_tag","embeddable":true,"href":"https:\/\/susistemapruebas.com\/grapi\/wp-json\/wp\/v2\/product_tag?post=8125"}],"curies":[{"name":"wp","href":"https:\/\/api.w.org\/{rel}","templated":true}]}}