{"id":8073,"date":"2024-07-04T19:08:40","date_gmt":"2024-07-04T19:08:40","guid":{"rendered":"https:\/\/susistemapruebas.com\/grapi\/?post_type=product&#038;p=8073"},"modified":"2024-07-04T19:08:41","modified_gmt":"2024-07-04T19:08:41","slug":"hamaca-en-lycra","status":"publish","type":"product","link":"https:\/\/susistemapruebas.com\/grapi\/producto\/hamaca-en-lycra\/","title":{"rendered":"HAMACA EN LYCRA"},"content":{"rendered":"<p>Dimensiones 170 x 150 cm.<br \/>\n\u00c1reas de Desarrollo Propiocepci\u00f3n o Conciencia corporal y sistema Vestibular o Equilibrio (Sensorial), Fortalecer musculatura y Coordinaci\u00f3n (F\u00edsico), Concentraci\u00f3n (Cognitivo) Material Lycra<br \/>\nCapacidad m\u00e1xima de carga 50 Kg.<br \/>\nCantidad de Piezas Hamaca de Lycra y 2 mosquetones incorporados.<br \/>\nMaterial el\u00e1stico que facilita tareas propioceptivas y aumenta la resistencia al est\u00edmulo en el ni\u00f1o.<br \/>\nSe puede utilizar en 2 puntos (Movimiento Pendular) , en 1 punto (Rotaci\u00f3n 360\u00b0). Desarrolla el Sistema Motor Grueso.<br \/>\nUtilizado para ejercicios de Integraci\u00f3n Sensorial.<br \/>\nPuede usarse resortado , giratorio o movimientos combinados. Hamaca oscilante suave para ni\u00f1os autismo ADHD agregar abrazo sensorial.<br \/>\nColor: azul o rojo.<br \/>\n-Muy recomendado para ni\u00f1os con autismo, PDD, Aspergers, ADD\/ADHD y s\u00edndrome de Down.<br \/>\n-Se puede utilizar en interiores o exteriores.\u00a0\u00a0\u00a0\u00a0\u00a0\u00a0\u00a0\u00a0\u00a0\u00a0\u00a0\u00a0\u00a0\u00a0\u00a0\u00a0\u00a0\u00a0\u00a0\u00a0\u00a0\u00a0\u00a0\u00a0\u00a0\u00a0\u00a0\u00a0\u00a0\u00a0\u00a0\u00a0\u00a0\u00a0\u00a0\u00a0\u00a0 Incluye:\u00a0 Kit de suspensi\u00f3n o instalaci\u00f3n. Ning\u00fan columpio incluye sistema de fijaci\u00f3n o ANCLAJE. Tampoco se incluye la instalaci\u00f3n del mismo. Podemos presupuestar estos servicios a parte.<\/p>\n","protected":false},"excerpt":{"rendered":"<p><strong>HAMACA EN LYCRA PARA SUSPENSI\u00d3N (SIN HERRAJES).<\/strong><\/p>\n","protected":false},"featured_media":8074,"template":"","meta":[],"product_brand":[],"product_cat":[53],"product_tag":[],"class_list":{"0":"post-8073","1":"product","2":"type-product","3":"status-publish","4":"has-post-thumbnail","6":"product_cat-integracion-sensorial","8":"first","9":"instock","10":"shipping-taxable","11":"product-type-simple"},"_links":{"self":[{"href":"https:\/\/susistemapruebas.com\/grapi\/wp-json\/wp\/v2\/product\/8073","targetHints":{"allow":["GET"]}}],"collection":[{"href":"https:\/\/susistemapruebas.com\/grapi\/wp-json\/wp\/v2\/product"}],"about":[{"href":"https:\/\/susistemapruebas.com\/grapi\/wp-json\/wp\/v2\/types\/product"}],"wp:featuredmedia":[{"embeddable":true,"href":"https:\/\/susistemapruebas.com\/grapi\/wp-json\/wp\/v2\/media\/8074"}],"wp:attachment":[{"href":"https:\/\/susistemapruebas.com\/grapi\/wp-json\/wp\/v2\/media?parent=8073"}],"wp:term":[{"taxonomy":"product_brand","embeddable":true,"href":"https:\/\/susistemapruebas.com\/grapi\/wp-json\/wp\/v2\/product_brand?post=8073"},{"taxonomy":"product_cat","embeddable":true,"href":"https:\/\/susistemapruebas.com\/grapi\/wp-json\/wp\/v2\/product_cat?post=8073"},{"taxonomy":"product_tag","embeddable":true,"href":"https:\/\/susistemapruebas.com\/grapi\/wp-json\/wp\/v2\/product_tag?post=8073"}],"curies":[{"name":"wp","href":"https:\/\/api.w.org\/{rel}","templated":true}]}}