{"id":8049,"date":"2024-07-04T18:46:57","date_gmt":"2024-07-04T18:46:57","guid":{"rendered":"https:\/\/susistemapruebas.com\/grapi\/?post_type=product&#038;p=8049"},"modified":"2024-07-04T18:46:57","modified_gmt":"2024-07-04T18:46:57","slug":"columpio-rodillo-colgante","status":"publish","type":"product","link":"https:\/\/susistemapruebas.com\/grapi\/producto\/columpio-rodillo-colgante\/","title":{"rendered":"COLUMPIO RODILLO COLGANTE"},"content":{"rendered":"<p>Largo Cuerda 130 cms. Cilindro 100 X 25 cm<br \/>\n(Incluye cuerda y grifas para colgar.)<br \/>\nDESCRIPCI\u00d3N: Desarrollado para la integraci\u00f3n sensorial, equilibrio, regulaci\u00f3n del tono, trabajos con la fuerza de la gravedad, activaci\u00f3n del cuerpo a las reacciones, estabilidad de los patrones motores de tronco y extremidades.<br \/>\nMATERIAL: LONA, f\u00e1cil limpiar, soportado lavable e impermeable- Espuma de poliuretano densidad 25.<br \/>\nElemento suspendido con doble funci\u00f3n, se puede usar como un barril de piso, retirando las cuerdas y las\u00a0\u00a0 correas.<br \/>\nTrabaja con planos inclinados. Acolchado por las superficies internas y externas. Ejercicios de rolado y reflejos.<br \/>\nManejo postural y vestibular.<\/p>\n<p>Incluye:\u00a0 Kit de suspensi\u00f3n o instalaci\u00f3n.<\/p>\n<p>Ning\u00fan columpio incluye sistema de fijaci\u00f3n o ANCLAJE.<\/p>\n<p>Tampoco se incluye la instalaci\u00f3n del mismo.<\/p>\n<p>Podemos presupuestar estos servicios a parte.<\/p>\n","protected":false},"excerpt":{"rendered":"<p><strong>COLUMPIO RODILLO COLGANTE.<\/strong><\/p>\n","protected":false},"featured_media":8050,"template":"","meta":[],"product_brand":[],"product_cat":[53],"product_tag":[],"class_list":{"0":"post-8049","1":"product","2":"type-product","3":"status-publish","4":"has-post-thumbnail","6":"product_cat-integracion-sensorial","8":"first","9":"instock","10":"shipping-taxable","11":"product-type-simple"},"_links":{"self":[{"href":"https:\/\/susistemapruebas.com\/grapi\/wp-json\/wp\/v2\/product\/8049","targetHints":{"allow":["GET"]}}],"collection":[{"href":"https:\/\/susistemapruebas.com\/grapi\/wp-json\/wp\/v2\/product"}],"about":[{"href":"https:\/\/susistemapruebas.com\/grapi\/wp-json\/wp\/v2\/types\/product"}],"wp:featuredmedia":[{"embeddable":true,"href":"https:\/\/susistemapruebas.com\/grapi\/wp-json\/wp\/v2\/media\/8050"}],"wp:attachment":[{"href":"https:\/\/susistemapruebas.com\/grapi\/wp-json\/wp\/v2\/media?parent=8049"}],"wp:term":[{"taxonomy":"product_brand","embeddable":true,"href":"https:\/\/susistemapruebas.com\/grapi\/wp-json\/wp\/v2\/product_brand?post=8049"},{"taxonomy":"product_cat","embeddable":true,"href":"https:\/\/susistemapruebas.com\/grapi\/wp-json\/wp\/v2\/product_cat?post=8049"},{"taxonomy":"product_tag","embeddable":true,"href":"https:\/\/susistemapruebas.com\/grapi\/wp-json\/wp\/v2\/product_tag?post=8049"}],"curies":[{"name":"wp","href":"https:\/\/api.w.org\/{rel}","templated":true}]}}