{"id":8042,"date":"2024-07-04T18:40:09","date_gmt":"2024-07-04T18:40:09","guid":{"rendered":"https:\/\/susistemapruebas.com\/grapi\/?post_type=product&#038;p=8042"},"modified":"2024-07-04T18:40:09","modified_gmt":"2024-07-04T18:40:09","slug":"columpio-clasico-de-madera-redondo","status":"publish","type":"product","link":"https:\/\/susistemapruebas.com\/grapi\/producto\/columpio-clasico-de-madera-redondo\/","title":{"rendered":"COLUMPIO CLASICO DE MADERA REDONDO"},"content":{"rendered":"<p>Incluye una plataforma madera de 1 \u00abde grosor y una cuerda de 20 \u2018Asiento de disco: 15-1 \/ 2\u00bb L x 7 \u00abWx1\u00bb H Cuerda: 3\/4 \u00abde di\u00e1metro La plataforma de columpio viene preanudada Recomendada para mayores de 8 a\u00f1os (l\u00edmite de peso 250 lbs. )<\/p>\n","protected":false},"excerpt":{"rendered":"<p><strong>COLUMPIO CL\u00c1SICO DE MADERA REDONDO<\/strong><\/p>\n","protected":false},"featured_media":8043,"template":"","meta":[],"product_brand":[],"product_cat":[53],"product_tag":[],"class_list":{"0":"post-8042","1":"product","2":"type-product","3":"status-publish","4":"has-post-thumbnail","6":"product_cat-integracion-sensorial","8":"first","9":"instock","10":"shipping-taxable","11":"product-type-simple"},"_links":{"self":[{"href":"https:\/\/susistemapruebas.com\/grapi\/wp-json\/wp\/v2\/product\/8042","targetHints":{"allow":["GET"]}}],"collection":[{"href":"https:\/\/susistemapruebas.com\/grapi\/wp-json\/wp\/v2\/product"}],"about":[{"href":"https:\/\/susistemapruebas.com\/grapi\/wp-json\/wp\/v2\/types\/product"}],"wp:featuredmedia":[{"embeddable":true,"href":"https:\/\/susistemapruebas.com\/grapi\/wp-json\/wp\/v2\/media\/8043"}],"wp:attachment":[{"href":"https:\/\/susistemapruebas.com\/grapi\/wp-json\/wp\/v2\/media?parent=8042"}],"wp:term":[{"taxonomy":"product_brand","embeddable":true,"href":"https:\/\/susistemapruebas.com\/grapi\/wp-json\/wp\/v2\/product_brand?post=8042"},{"taxonomy":"product_cat","embeddable":true,"href":"https:\/\/susistemapruebas.com\/grapi\/wp-json\/wp\/v2\/product_cat?post=8042"},{"taxonomy":"product_tag","embeddable":true,"href":"https:\/\/susistemapruebas.com\/grapi\/wp-json\/wp\/v2\/product_tag?post=8042"}],"curies":[{"name":"wp","href":"https:\/\/api.w.org\/{rel}","templated":true}]}}