{"id":8035,"date":"2024-07-04T18:28:12","date_gmt":"2024-07-04T18:28:12","guid":{"rendered":"https:\/\/susistemapruebas.com\/grapi\/?post_type=product&#038;p=8035"},"modified":"2024-07-04T18:28:12","modified_gmt":"2024-07-04T18:28:12","slug":"columpio-bolster","status":"publish","type":"product","link":"https:\/\/susistemapruebas.com\/grapi\/producto\/columpio-bolster\/","title":{"rendered":"COLUMPIO BOLSTER"},"content":{"rendered":"<p>Dise\u00f1ado para ser utilizado por ni\u00f1os con discapacidades f\u00edsicas y neurol\u00f3gicas. Este columpio consta de un coj\u00edn acolchado recubierto de material antideslizante con uno o dos puntos de conexi\u00f3n para cuerdas en cada extremo. Cuando se conectan dos cuerdas en cada extremo, el columpio proporciona un paseo estable. Con una sola conexi\u00f3n vertical en cada extremo, se requiere un mayor equilibrio del usuario. Las cuerdas son ajustables. El columpio se puede unir a una unidad de suspensi\u00f3n giratoria (no incluida; consulte la entrada) o a un marco de columpio o viga de techo utilizando la viga NO incluida.<\/p>\n","protected":false},"excerpt":{"rendered":"<p><strong>COLUMPIO BOLSTER<\/strong><\/p>\n","protected":false},"featured_media":8036,"template":"","meta":[],"product_brand":[],"product_cat":[53],"product_tag":[],"class_list":{"0":"post-8035","1":"product","2":"type-product","3":"status-publish","4":"has-post-thumbnail","6":"product_cat-integracion-sensorial","8":"first","9":"instock","10":"shipping-taxable","11":"product-type-simple"},"_links":{"self":[{"href":"https:\/\/susistemapruebas.com\/grapi\/wp-json\/wp\/v2\/product\/8035","targetHints":{"allow":["GET"]}}],"collection":[{"href":"https:\/\/susistemapruebas.com\/grapi\/wp-json\/wp\/v2\/product"}],"about":[{"href":"https:\/\/susistemapruebas.com\/grapi\/wp-json\/wp\/v2\/types\/product"}],"wp:featuredmedia":[{"embeddable":true,"href":"https:\/\/susistemapruebas.com\/grapi\/wp-json\/wp\/v2\/media\/8036"}],"wp:attachment":[{"href":"https:\/\/susistemapruebas.com\/grapi\/wp-json\/wp\/v2\/media?parent=8035"}],"wp:term":[{"taxonomy":"product_brand","embeddable":true,"href":"https:\/\/susistemapruebas.com\/grapi\/wp-json\/wp\/v2\/product_brand?post=8035"},{"taxonomy":"product_cat","embeddable":true,"href":"https:\/\/susistemapruebas.com\/grapi\/wp-json\/wp\/v2\/product_cat?post=8035"},{"taxonomy":"product_tag","embeddable":true,"href":"https:\/\/susistemapruebas.com\/grapi\/wp-json\/wp\/v2\/product_tag?post=8035"}],"curies":[{"name":"wp","href":"https:\/\/api.w.org\/{rel}","templated":true}]}}