{"id":8007,"date":"2024-07-04T17:37:14","date_gmt":"2024-07-04T17:37:14","guid":{"rendered":"https:\/\/susistemapruebas.com\/grapi\/?post_type=product&#038;p=8007"},"modified":"2025-07-25T17:32:37","modified_gmt":"2025-07-25T17:32:37","slug":"barril-tumble","status":"publish","type":"product","link":"https:\/\/susistemapruebas.com\/grapi\/producto\/barril-tumble\/","title":{"rendered":"BARRIL TUMBLE"},"content":{"rendered":"<p>Es excelente para ni\u00f1os con necesidades de terapia ocupacional u otros entornos de terapia. El ni\u00f1o puede experimentar un movimiento r\u00edtmico cuando el terapeuta mece suavemente el barril. Con el tiempo, el ni\u00f1o puede aprender a cambiar su peso para rodar el barril por su cuenta.<\/p>\n","protected":false},"excerpt":{"rendered":"<p><strong>BARRIL TUMBLE FORMS 2<\/strong><\/p>\n","protected":false},"featured_media":8008,"template":"","meta":[],"product_brand":[],"product_cat":[95],"product_tag":[],"class_list":{"0":"post-8007","1":"product","2":"type-product","3":"status-publish","4":"has-post-thumbnail","6":"product_cat-productos-tumble-form","8":"first","9":"instock","10":"shipping-taxable","11":"product-type-simple"},"_links":{"self":[{"href":"https:\/\/susistemapruebas.com\/grapi\/wp-json\/wp\/v2\/product\/8007","targetHints":{"allow":["GET"]}}],"collection":[{"href":"https:\/\/susistemapruebas.com\/grapi\/wp-json\/wp\/v2\/product"}],"about":[{"href":"https:\/\/susistemapruebas.com\/grapi\/wp-json\/wp\/v2\/types\/product"}],"wp:featuredmedia":[{"embeddable":true,"href":"https:\/\/susistemapruebas.com\/grapi\/wp-json\/wp\/v2\/media\/8008"}],"wp:attachment":[{"href":"https:\/\/susistemapruebas.com\/grapi\/wp-json\/wp\/v2\/media?parent=8007"}],"wp:term":[{"taxonomy":"product_brand","embeddable":true,"href":"https:\/\/susistemapruebas.com\/grapi\/wp-json\/wp\/v2\/product_brand?post=8007"},{"taxonomy":"product_cat","embeddable":true,"href":"https:\/\/susistemapruebas.com\/grapi\/wp-json\/wp\/v2\/product_cat?post=8007"},{"taxonomy":"product_tag","embeddable":true,"href":"https:\/\/susistemapruebas.com\/grapi\/wp-json\/wp\/v2\/product_tag?post=8007"}],"curies":[{"name":"wp","href":"https:\/\/api.w.org\/{rel}","templated":true}]}}