{"id":8002,"date":"2024-07-04T17:31:29","date_gmt":"2024-07-04T17:31:29","guid":{"rendered":"https:\/\/susistemapruebas.com\/grapi\/?post_type=product&#038;p=8002"},"modified":"2024-07-04T17:31:29","modified_gmt":"2024-07-04T17:31:29","slug":"areneros-de-madera","status":"publish","type":"product","link":"https:\/\/susistemapruebas.com\/grapi\/producto\/areneros-de-madera\/","title":{"rendered":"ARENEROS DE MADERA"},"content":{"rendered":"<p>Beneficios de jugar con la arena<\/p>\n<p>Estos son todos los beneficios que aporta a los ni\u00f1os jugar con arena:<\/p>\n<p>\u2743 Estimula los sentidos<\/p>\n<p>La arena proporciona diversas sensaciones t\u00e1ctiles, dependiendo de si est\u00e1 seca o h\u00fameda, compacta o suelta, o si es fina o gruesa. Los ni\u00f1os experimentan sensaciones nuevas cuando la deslizan entre sus dedos, la aprietan o lanzan al aire, la pisan, excavan t\u00faneles, hacen dibujos, etc. Si adem\u00e1s, utilizan otros materiales (agua, palos, conchas, piedras, etc) las sensaciones aumentan.<\/p>\n<p>\u2743 Aumenta la motricidad<\/p>\n<p>La actividad f\u00edsica que implica jugar con la arena activan el sistema muscular y \u00f3seo de los ni\u00f1os, permiti\u00e9ndoles adquirir mayor habilidad motora. De este modo, desarrollan tanto su motricidad gruesa (al levantarse, sentarse, correr, saltar, escavar, etc) como la fina (al utilizar la pala, el rastrillo, los moldes, etc).<\/p>\n<p>\u2743 Conexi\u00f3n con el entorno<\/p>\n<p>Jugar con la arena implica jugar al aire libre y, en muchos casos, jugar con otros ni\u00f1os. Permite a los ni\u00f1os interactuar con la naturaleza, conocer su entorno, respirar el aire fresco y recibir la luz solar as\u00ed como socializarse, compartir experiencias y hacer amigos. Jugar con la arena impulsa, gracias a su curiosidad, a los ni\u00f1os a seguir aprendiendo y conociendo la realidad que les envuelve.<\/p>\n<p>ARENERO DE MADERA RECTANGULAR fabricado en madera.\u00a0 Dimensiones de 140 cm X 140 cm X 15 cms.<\/p>\n","protected":false},"excerpt":{"rendered":"<p><strong>ARENEROS DE MADERA<\/strong><\/p>\n","protected":false},"featured_media":8003,"template":"","meta":[],"product_brand":[],"product_cat":[52],"product_tag":[],"class_list":{"0":"post-8002","1":"product","2":"type-product","3":"status-publish","4":"has-post-thumbnail","6":"product_cat-estimulacion-temprana","8":"first","9":"instock","10":"shipping-taxable","11":"product-type-simple"},"_links":{"self":[{"href":"https:\/\/susistemapruebas.com\/grapi\/wp-json\/wp\/v2\/product\/8002","targetHints":{"allow":["GET"]}}],"collection":[{"href":"https:\/\/susistemapruebas.com\/grapi\/wp-json\/wp\/v2\/product"}],"about":[{"href":"https:\/\/susistemapruebas.com\/grapi\/wp-json\/wp\/v2\/types\/product"}],"wp:featuredmedia":[{"embeddable":true,"href":"https:\/\/susistemapruebas.com\/grapi\/wp-json\/wp\/v2\/media\/8003"}],"wp:attachment":[{"href":"https:\/\/susistemapruebas.com\/grapi\/wp-json\/wp\/v2\/media?parent=8002"}],"wp:term":[{"taxonomy":"product_brand","embeddable":true,"href":"https:\/\/susistemapruebas.com\/grapi\/wp-json\/wp\/v2\/product_brand?post=8002"},{"taxonomy":"product_cat","embeddable":true,"href":"https:\/\/susistemapruebas.com\/grapi\/wp-json\/wp\/v2\/product_cat?post=8002"},{"taxonomy":"product_tag","embeddable":true,"href":"https:\/\/susistemapruebas.com\/grapi\/wp-json\/wp\/v2\/product_tag?post=8002"}],"curies":[{"name":"wp","href":"https:\/\/api.w.org\/{rel}","templated":true}]}}