{"id":7973,"date":"2024-07-04T16:32:04","date_gmt":"2024-07-04T16:32:04","guid":{"rendered":"https:\/\/susistemapruebas.com\/grapi\/?post_type=product&#038;p=7973"},"modified":"2025-07-25T18:00:42","modified_gmt":"2025-07-25T18:00:42","slug":"geometria-de-colores","status":"publish","type":"product","link":"https:\/\/susistemapruebas.com\/grapi\/producto\/geometria-de-colores\/","title":{"rendered":"GEOMETRIA DE COLORES"},"content":{"rendered":"<p>Su forma y dise\u00f1o permite al alumno reforzar conceptos de psicomotricidad adem\u00e1s del reconocimiento de figuras geom\u00e9tricas y clasificaci\u00f3n de colores y\u00a0 formas.\u00a0 Presentaci\u00f3n: 80 piezas.\u00a0\u00a0 Tama\u00f1o aprox.: 7 cm.<\/p>\n","protected":false},"excerpt":{"rendered":"<h4><strong>GEOMETRIA DE ENSARTE DE COLORES<\/strong><\/h4>\n","protected":false},"featured_media":7974,"template":"","meta":[],"product_brand":[],"product_cat":[94],"product_tag":[],"class_list":{"0":"post-7973","1":"product","2":"type-product","3":"status-publish","4":"has-post-thumbnail","6":"product_cat-material-didactico","8":"first","9":"instock","10":"shipping-taxable","11":"product-type-simple"},"_links":{"self":[{"href":"https:\/\/susistemapruebas.com\/grapi\/wp-json\/wp\/v2\/product\/7973","targetHints":{"allow":["GET"]}}],"collection":[{"href":"https:\/\/susistemapruebas.com\/grapi\/wp-json\/wp\/v2\/product"}],"about":[{"href":"https:\/\/susistemapruebas.com\/grapi\/wp-json\/wp\/v2\/types\/product"}],"wp:featuredmedia":[{"embeddable":true,"href":"https:\/\/susistemapruebas.com\/grapi\/wp-json\/wp\/v2\/media\/7974"}],"wp:attachment":[{"href":"https:\/\/susistemapruebas.com\/grapi\/wp-json\/wp\/v2\/media?parent=7973"}],"wp:term":[{"taxonomy":"product_brand","embeddable":true,"href":"https:\/\/susistemapruebas.com\/grapi\/wp-json\/wp\/v2\/product_brand?post=7973"},{"taxonomy":"product_cat","embeddable":true,"href":"https:\/\/susistemapruebas.com\/grapi\/wp-json\/wp\/v2\/product_cat?post=7973"},{"taxonomy":"product_tag","embeddable":true,"href":"https:\/\/susistemapruebas.com\/grapi\/wp-json\/wp\/v2\/product_tag?post=7973"}],"curies":[{"name":"wp","href":"https:\/\/api.w.org\/{rel}","templated":true}]}}