{"id":7895,"date":"2024-07-02T17:11:12","date_gmt":"2024-07-02T17:11:12","guid":{"rendered":"https:\/\/susistemapruebas.com\/grapi\/?post_type=product&#038;p=7895"},"modified":"2024-07-02T17:11:12","modified_gmt":"2024-07-02T17:11:12","slug":"tatami-puzzle","status":"publish","type":"product","link":"https:\/\/susistemapruebas.com\/grapi\/producto\/tatami-puzzle\/","title":{"rendered":"TATAMI PUZZLE"},"content":{"rendered":"<p>Fabricado en suela de Eva, soporta 160kg xm3 en golpe. Tipo rompecabezas. Color reversible Azul y Rojo. reversible. Es un suelo antideslizante y absorbe perfectamente los impactos causados por las ca\u00eddas. Sin embargo, el suelo de tatami de puzzle tiene m\u00faltiples usos por ejemplo en guarder\u00edas y escuelas infantiles pensando en los m\u00e1s peque\u00f1os y el tatami de puzzle es la mejor opci\u00f3n, por estar hechas de goma EVA, para instalar en las aulas con ni\u00f1os que empiezan a caminar y tropiezan constantemente.<\/p>\n<p>Ideal para espacios sensoriales, estimulaci\u00f3n temprana o \u00e1reas de juego el tatami inspira paz, relajaci\u00f3n y calma. Adem\u00e1s, gracias al relleno act\u00faa como absorbente del sonido, favoreciendo la insonorizaci\u00f3n de los pisos.<\/p>\n<p>Est\u00e1 muy bien como un aislante ac\u00fastico, y todo porque permite absorber el sonido, silenciando de una forma muy efectiva.<\/p>\n<p>Funciona muy bien como un aislante t\u00e9rmico, por lo que permite aislar del fr\u00edo.<\/p>\n<p>Absorbe la humedad de una forma incre\u00edble y regulan el ambiente, por lo que durante los cambios de clima ayuda a que haya mayor frescor en verano y calidez en invierno.<\/p>\n<p>VENTAJAS:<\/p>\n<ul>\n<li>No se deforma<\/li>\n<li>Amortigua perfectamente ca\u00eddas<\/li>\n<li>Ideal para cualquier actividad f\u00edsica<\/li>\n<li>F\u00e1cil ensamble.<\/li>\n<li>F\u00e1cil de limpiar, se aspira o se barre y se trapea.<\/li>\n<\/ul>\n<p>Dimensiones 100 x 100 x 2 cm y peso de 2,3 Kg por pieza.<\/p>\n","protected":false},"excerpt":{"rendered":"<h4><strong>TATAMI PUZZLE<\/strong><\/h4>\n","protected":false},"featured_media":7896,"template":"","meta":[],"product_brand":[],"product_cat":[63],"product_tag":[],"class_list":{"0":"post-7895","1":"product","2":"type-product","3":"status-publish","4":"has-post-thumbnail","6":"product_cat-tapete-de-foamy","8":"first","9":"instock","10":"shipping-taxable","11":"product-type-simple"},"_links":{"self":[{"href":"https:\/\/susistemapruebas.com\/grapi\/wp-json\/wp\/v2\/product\/7895","targetHints":{"allow":["GET"]}}],"collection":[{"href":"https:\/\/susistemapruebas.com\/grapi\/wp-json\/wp\/v2\/product"}],"about":[{"href":"https:\/\/susistemapruebas.com\/grapi\/wp-json\/wp\/v2\/types\/product"}],"wp:featuredmedia":[{"embeddable":true,"href":"https:\/\/susistemapruebas.com\/grapi\/wp-json\/wp\/v2\/media\/7896"}],"wp:attachment":[{"href":"https:\/\/susistemapruebas.com\/grapi\/wp-json\/wp\/v2\/media?parent=7895"}],"wp:term":[{"taxonomy":"product_brand","embeddable":true,"href":"https:\/\/susistemapruebas.com\/grapi\/wp-json\/wp\/v2\/product_brand?post=7895"},{"taxonomy":"product_cat","embeddable":true,"href":"https:\/\/susistemapruebas.com\/grapi\/wp-json\/wp\/v2\/product_cat?post=7895"},{"taxonomy":"product_tag","embeddable":true,"href":"https:\/\/susistemapruebas.com\/grapi\/wp-json\/wp\/v2\/product_tag?post=7895"}],"curies":[{"name":"wp","href":"https:\/\/api.w.org\/{rel}","templated":true}]}}