{"id":7836,"date":"2024-07-02T00:17:53","date_gmt":"2024-07-02T00:17:53","guid":{"rendered":"https:\/\/susistemapruebas.com\/grapi\/?post_type=product&#038;p=7836"},"modified":"2024-07-02T00:17:54","modified_gmt":"2024-07-02T00:17:54","slug":"sillon","status":"publish","type":"product","link":"https:\/\/susistemapruebas.com\/grapi\/producto\/sillon\/","title":{"rendered":"SILLON"},"content":{"rendered":"<p>Aporta confort rojo, un toque \u00fanico a tu espacio sensorial, porque este incre\u00edble articulo proporcionar\u00e1 a cada uno de los espacios donde decidas colocarlo una imagen c\u00f3moda y din\u00e1mica. Este PUFF es gracias a su tama\u00f1o, as\u00ed como dise\u00f1o que se amolda. Relleno es perla virgen no basura triturada de unicel.<\/p>\n<p><strong>FORMA PERA<\/strong><\/p>\n<p>Material Tacto piel<\/p>\n<p>Altura 115 cm<\/p>\n<p>Largo 75 cm<\/p>\n<p>Ancho 75 cm<\/p>\n<p>Suave al tacto, muy f\u00e1cil de limpiar. Confeccionado a doble costura para mayor duraci\u00f3n y puede llevar cierre o NO para no permitir la salida del relleno. Relleno de Perla Virgen de poliestireno expandido, hipoalerg\u00e9nico, se amolda al contorno del cuerpo para brindar mayor confort. El PUFF se rellena a una capacidad de entre 80% y 90% para brindar aire y comodidad. Recomendado para: personas de hasta 95 kilogramos de peso. Diferentes colores:\u00a0 ROJO, VERDE, AZUL Y AMARILLO.<\/p>\n","protected":false},"excerpt":{"rendered":"<p><strong>SILLON ALMOHADA. PUFF<\/strong><\/p>\n","protected":false},"featured_media":7837,"template":"","meta":[],"product_brand":[],"product_cat":[61],"product_tag":[],"class_list":{"0":"post-7836","1":"product","2":"type-product","3":"status-publish","4":"has-post-thumbnail","6":"product_cat-mobiliario","8":"first","9":"instock","10":"shipping-taxable","11":"product-type-simple"},"_links":{"self":[{"href":"https:\/\/susistemapruebas.com\/grapi\/wp-json\/wp\/v2\/product\/7836","targetHints":{"allow":["GET"]}}],"collection":[{"href":"https:\/\/susistemapruebas.com\/grapi\/wp-json\/wp\/v2\/product"}],"about":[{"href":"https:\/\/susistemapruebas.com\/grapi\/wp-json\/wp\/v2\/types\/product"}],"wp:featuredmedia":[{"embeddable":true,"href":"https:\/\/susistemapruebas.com\/grapi\/wp-json\/wp\/v2\/media\/7837"}],"wp:attachment":[{"href":"https:\/\/susistemapruebas.com\/grapi\/wp-json\/wp\/v2\/media?parent=7836"}],"wp:term":[{"taxonomy":"product_brand","embeddable":true,"href":"https:\/\/susistemapruebas.com\/grapi\/wp-json\/wp\/v2\/product_brand?post=7836"},{"taxonomy":"product_cat","embeddable":true,"href":"https:\/\/susistemapruebas.com\/grapi\/wp-json\/wp\/v2\/product_cat?post=7836"},{"taxonomy":"product_tag","embeddable":true,"href":"https:\/\/susistemapruebas.com\/grapi\/wp-json\/wp\/v2\/product_tag?post=7836"}],"curies":[{"name":"wp","href":"https:\/\/api.w.org\/{rel}","templated":true}]}}