{"id":7786,"date":"2024-06-27T18:28:48","date_gmt":"2024-06-27T18:28:48","guid":{"rendered":"https:\/\/susistemapruebas.com\/grapi\/?post_type=product&#038;p=7786"},"modified":"2024-06-27T18:28:48","modified_gmt":"2024-06-27T18:28:48","slug":"alfombra-arcoirirs-uv-mat","status":"publish","type":"product","link":"https:\/\/susistemapruebas.com\/grapi\/producto\/alfombra-arcoirirs-uv-mat\/","title":{"rendered":"ALFOMBRA ARCOIRIRS UV MAT"},"content":{"rendered":"<p>Es un elemento perfecto para la estimulaci\u00f3n sensorial de ni\u00f1os y mayores de todas las edades y capacidades, tambi\u00e9n se puede usar con luz ordinaria gracias a sus vibrantes colores fluorescentes<\/p>\n<p>DESCRIPCI\u00d3N. Esta resistente alfombra de pl\u00e1stico colorida brilla intensamente bajo luz UV para la estimulaci\u00f3n visual, mientras que la estructura tejida ofrece estimulaci\u00f3n t\u00e1ctil. Col\u00f3quelo en el piso, en una mesa o m\u00f3ntelo en la pared. Seguro de manejar con bordes atados para un acabado suave. Hecho de PVC. F\u00e1cil de limpiar Dimensiones:\u00a0\u00a0 1.00 x 1.00 mts.<\/p>\n","protected":false},"excerpt":{"rendered":"<p><strong>ALFOMBRA ARCOIRIRS<\/strong><\/p>\n","protected":false},"featured_media":7274,"template":"","meta":[],"product_brand":[],"product_cat":[60],"product_tag":[],"class_list":{"0":"post-7786","1":"product","2":"type-product","3":"status-publish","4":"has-post-thumbnail","6":"product_cat-iluminacion","8":"first","9":"instock","10":"shipping-taxable","11":"product-type-simple"},"_links":{"self":[{"href":"https:\/\/susistemapruebas.com\/grapi\/wp-json\/wp\/v2\/product\/7786","targetHints":{"allow":["GET"]}}],"collection":[{"href":"https:\/\/susistemapruebas.com\/grapi\/wp-json\/wp\/v2\/product"}],"about":[{"href":"https:\/\/susistemapruebas.com\/grapi\/wp-json\/wp\/v2\/types\/product"}],"wp:featuredmedia":[{"embeddable":true,"href":"https:\/\/susistemapruebas.com\/grapi\/wp-json\/wp\/v2\/media\/7274"}],"wp:attachment":[{"href":"https:\/\/susistemapruebas.com\/grapi\/wp-json\/wp\/v2\/media?parent=7786"}],"wp:term":[{"taxonomy":"product_brand","embeddable":true,"href":"https:\/\/susistemapruebas.com\/grapi\/wp-json\/wp\/v2\/product_brand?post=7786"},{"taxonomy":"product_cat","embeddable":true,"href":"https:\/\/susistemapruebas.com\/grapi\/wp-json\/wp\/v2\/product_cat?post=7786"},{"taxonomy":"product_tag","embeddable":true,"href":"https:\/\/susistemapruebas.com\/grapi\/wp-json\/wp\/v2\/product_tag?post=7786"}],"curies":[{"name":"wp","href":"https:\/\/api.w.org\/{rel}","templated":true}]}}