{"id":7771,"date":"2024-06-26T00:07:48","date_gmt":"2024-06-26T00:07:48","guid":{"rendered":"https:\/\/susistemapruebas.com\/grapi\/?post_type=product&#038;p=7771"},"modified":"2024-06-26T00:07:48","modified_gmt":"2024-06-26T00:07:48","slug":"espejos-de-acrilico","status":"publish","type":"product","link":"https:\/\/susistemapruebas.com\/grapi\/producto\/espejos-de-acrilico\/","title":{"rendered":"ESPEJOS DE ACR\u00cdLICO"},"content":{"rendered":"<p>El espejo de pared es ideal para mejorar los efectos de los tubos de burbujas u otras pantallas de luz. Cubrimos la pared entera o creamos una esquina. El espejo de superficie dura irrompible se adhiere f\u00e1cilmente a la pared. \u00a1Las superficies acr\u00edlicas resistentes a roturas multiplican cada estado de \u00e1nimo y acci\u00f3n, reflejando todo el aporte ocular y generando una curiosidad continua! Aumentan la retroalimentaci\u00f3n y el refuerzo positivo. Fomente la autoconciencia, la autoestima, la curiosidad y el desarrollo cognitivo con estos espejos. El espejo acr\u00edlico plano se monta perfectamente a cualquier altura.<\/p>\n","protected":false},"excerpt":{"rendered":"<p>ESPEJO DE ACR\u00cdLICO<\/p>\n","protected":false},"featured_media":7772,"template":"","meta":[],"product_brand":[],"product_cat":[58],"product_tag":[],"class_list":{"0":"post-7771","1":"product","2":"type-product","3":"status-publish","4":"has-post-thumbnail","6":"product_cat-elementos-de-pared","8":"first","9":"instock","10":"shipping-taxable","11":"product-type-simple"},"_links":{"self":[{"href":"https:\/\/susistemapruebas.com\/grapi\/wp-json\/wp\/v2\/product\/7771","targetHints":{"allow":["GET"]}}],"collection":[{"href":"https:\/\/susistemapruebas.com\/grapi\/wp-json\/wp\/v2\/product"}],"about":[{"href":"https:\/\/susistemapruebas.com\/grapi\/wp-json\/wp\/v2\/types\/product"}],"wp:featuredmedia":[{"embeddable":true,"href":"https:\/\/susistemapruebas.com\/grapi\/wp-json\/wp\/v2\/media\/7772"}],"wp:attachment":[{"href":"https:\/\/susistemapruebas.com\/grapi\/wp-json\/wp\/v2\/media?parent=7771"}],"wp:term":[{"taxonomy":"product_brand","embeddable":true,"href":"https:\/\/susistemapruebas.com\/grapi\/wp-json\/wp\/v2\/product_brand?post=7771"},{"taxonomy":"product_cat","embeddable":true,"href":"https:\/\/susistemapruebas.com\/grapi\/wp-json\/wp\/v2\/product_cat?post=7771"},{"taxonomy":"product_tag","embeddable":true,"href":"https:\/\/susistemapruebas.com\/grapi\/wp-json\/wp\/v2\/product_tag?post=7771"}],"curies":[{"name":"wp","href":"https:\/\/api.w.org\/{rel}","templated":true}]}}