{"id":7766,"date":"2024-06-25T23:01:36","date_gmt":"2024-06-25T23:01:36","guid":{"rendered":"https:\/\/susistemapruebas.com\/grapi\/?post_type=product&#038;p=7766"},"modified":"2024-06-25T23:01:36","modified_gmt":"2024-06-25T23:01:36","slug":"tablet-comunicador","status":"publish","type":"product","link":"https:\/\/susistemapruebas.com\/grapi\/producto\/tablet-comunicador\/","title":{"rendered":"TABLET COMUNICADOR"},"content":{"rendered":"<p>Con esta Samsung Galaxy Tab conectada a la DOIT CONSOLE podr\u00e1 crear ambientes interactivos en funci\u00f3n de la sesi\u00f3n que desee\u00a0 hacer en su sala multisensorial (relajaci\u00f3n, activaci\u00f3n, etc..). Desde cambiar los colores de su entorno multisensorial hasta realizar m\u00faltiples actividades cognitivas como la relaci\u00f3n de im\u00e1genes con sonidos y viceversa, im\u00e1genes con aromas, juegos para la memoria, suma de objetos y muchos m\u00e1s.<\/p>\n<p>Su funcionamiento es muy intuitivo y no es necesario perder horas y horas para aprender como funciona, desde el minuto uno podr\u00e1 disfrutar de todo el potencial de la DOIT CONSOLE a trav\u00e9s de esta tablet SAMSUNG.<\/p>\n<p>FUNCIONES DE LA SAMSUNG GALAXY TAB DOIT:<\/p>\n<p>Realizar cuentos vivenciales controlando los elementos de la sala multisensorial como el proyector de v\u00eddeo y equipo de audio.<\/p>\n<p>Cambiar el color de cualquier elemento de la gama DOIT con el comunicador, un selector de color a pantalla completa para que los usuarios de la sala multisensorial puedan interactuar con los diferentes elementos de la sala.<\/p>\n<p>te rogamos que seas tan amable de rellenar nuestro breve cuestionario para que nuestros t\u00e9cnicos conozcan las medidas de tu sala. Por supuesto tambi\u00e9n que material para la estimulaci\u00f3n sensorial te interesa y que usuarios van a hacer uso de la sala multisensorial. Con esta informaci\u00f3n, te enviaremos una oferta o presupuesto con una simulaci\u00f3n 3D incluida totalmente gratis. Un comercial te ayudar\u00e1 durante todo el proceso de la confecci\u00f3n del presupuesto.<\/p>\n","protected":false},"excerpt":{"rendered":"<p>Tablet<\/p>\n","protected":false},"featured_media":7175,"template":"","meta":[],"product_brand":[],"product_cat":[49],"product_tag":[],"class_list":{"0":"post-7766","1":"product","2":"type-product","3":"status-publish","4":"has-post-thumbnail","6":"product_cat-controladores","8":"first","9":"instock","10":"shipping-taxable","11":"product-type-simple"},"_links":{"self":[{"href":"https:\/\/susistemapruebas.com\/grapi\/wp-json\/wp\/v2\/product\/7766","targetHints":{"allow":["GET"]}}],"collection":[{"href":"https:\/\/susistemapruebas.com\/grapi\/wp-json\/wp\/v2\/product"}],"about":[{"href":"https:\/\/susistemapruebas.com\/grapi\/wp-json\/wp\/v2\/types\/product"}],"wp:featuredmedia":[{"embeddable":true,"href":"https:\/\/susistemapruebas.com\/grapi\/wp-json\/wp\/v2\/media\/7175"}],"wp:attachment":[{"href":"https:\/\/susistemapruebas.com\/grapi\/wp-json\/wp\/v2\/media?parent=7766"}],"wp:term":[{"taxonomy":"product_brand","embeddable":true,"href":"https:\/\/susistemapruebas.com\/grapi\/wp-json\/wp\/v2\/product_brand?post=7766"},{"taxonomy":"product_cat","embeddable":true,"href":"https:\/\/susistemapruebas.com\/grapi\/wp-json\/wp\/v2\/product_cat?post=7766"},{"taxonomy":"product_tag","embeddable":true,"href":"https:\/\/susistemapruebas.com\/grapi\/wp-json\/wp\/v2\/product_tag?post=7766"}],"curies":[{"name":"wp","href":"https:\/\/api.w.org\/{rel}","templated":true}]}}