{"id":7758,"date":"2024-06-20T19:39:17","date_gmt":"2024-06-20T19:39:17","guid":{"rendered":"https:\/\/susistemapruebas.com\/grapi\/?post_type=product&#038;p=7758"},"modified":"2025-05-13T16:49:46","modified_gmt":"2025-05-13T16:49:46","slug":"caja-de-8-pulsadores-doit","status":"publish","type":"product","link":"https:\/\/susistemapruebas.com\/grapi\/producto\/caja-de-8-pulsadores-doit\/","title":{"rendered":"CAJA DE 8 PULSADORES DOIT"},"content":{"rendered":"<p>Escoge tu color favorito en tu columna de burbujas, foco de luz DOIT, fibra \u00f3ptica o cualquiera de los dispositivos con la tecnolog\u00eda DOITLink de su entorno multisensorial.<\/p>\n<p>Con la botonera controlar\u00e1 cualquier dispositivo DOITLink de su entorno multisensorial. Con 8 grandes pulsadores podr\u00e1 interactuar con m\u00faltiples productos con la columna de burbujas, fibra \u00f3ptica, focos, etc\u2026<\/p>\n<p>Se puede usar para cambiar los colores b\u00e1sicos (rojo, verde, azul, amarillo) y morado, naranja, azul celeste y blanco. Con 8 entradas para conectar los pulsadores que tenga.\u00a0 Puede usarse para realizar algunas de las actividades cognitivas de la DOIT SENSORY CONSOLE.\u00a0 Utiliza bater\u00edas AA 2\u00d71.5V<\/p>\n","protected":false},"excerpt":{"rendered":"<p>BOTONERA DE 8<\/p>\n","protected":false},"featured_media":8776,"template":"","meta":[],"product_brand":[],"product_cat":[49],"product_tag":[],"class_list":{"0":"post-7758","1":"product","2":"type-product","3":"status-publish","4":"has-post-thumbnail","6":"product_cat-controladores","8":"first","9":"instock","10":"shipping-taxable","11":"product-type-simple"},"_links":{"self":[{"href":"https:\/\/susistemapruebas.com\/grapi\/wp-json\/wp\/v2\/product\/7758","targetHints":{"allow":["GET"]}}],"collection":[{"href":"https:\/\/susistemapruebas.com\/grapi\/wp-json\/wp\/v2\/product"}],"about":[{"href":"https:\/\/susistemapruebas.com\/grapi\/wp-json\/wp\/v2\/types\/product"}],"wp:featuredmedia":[{"embeddable":true,"href":"https:\/\/susistemapruebas.com\/grapi\/wp-json\/wp\/v2\/media\/8776"}],"wp:attachment":[{"href":"https:\/\/susistemapruebas.com\/grapi\/wp-json\/wp\/v2\/media?parent=7758"}],"wp:term":[{"taxonomy":"product_brand","embeddable":true,"href":"https:\/\/susistemapruebas.com\/grapi\/wp-json\/wp\/v2\/product_brand?post=7758"},{"taxonomy":"product_cat","embeddable":true,"href":"https:\/\/susistemapruebas.com\/grapi\/wp-json\/wp\/v2\/product_cat?post=7758"},{"taxonomy":"product_tag","embeddable":true,"href":"https:\/\/susistemapruebas.com\/grapi\/wp-json\/wp\/v2\/product_tag?post=7758"}],"curies":[{"name":"wp","href":"https:\/\/api.w.org\/{rel}","templated":true}]}}