{"id":7755,"date":"2024-06-20T19:11:44","date_gmt":"2024-06-20T19:11:44","guid":{"rendered":"https:\/\/susistemapruebas.com\/grapi\/?post_type=product&#038;p=7755"},"modified":"2024-06-20T19:11:44","modified_gmt":"2024-06-20T19:11:44","slug":"adaptador-doitlink","status":"publish","type":"product","link":"https:\/\/susistemapruebas.com\/grapi\/producto\/adaptador-doitlink\/","title":{"rendered":"ADAPTADOR DOITLINK"},"content":{"rendered":"<h4><strong>ADAPTADOR DOITLINK PARA CONTROLAR CUALQUIER DISPOSITIVO DE SU ENTORNO MULTISENSORIAL SENSORIAL<\/strong><\/h4>\n<p>Haga compatible cualquier dispositivo multisensorial simplemente conect\u00e1ndolo al Adaptador DOITLink. Con nuestro Adaptador DOITLink podr\u00e1 conectar o desconectar cualquier dispositivo a trav\u00e9s de nuestra APP Doit Remote Control. Si usted tiene un entorno multisensorial y quiere controlar todos los dispositivos remotamente usted necesitar\u00e1 este dispositivo para cada elemento de su sala sensorial. El Adaptador DOITLink puede funcionar con cualquier producto multisensorial de otras marcas, usted podr\u00e1 conectarlo y \u00a0desconectarlo remotamente a trav\u00e9s de una tablet, smartphone o ordenador con la APP Doit Remote Control.<\/p>\n","protected":false},"excerpt":{"rendered":"<h4><strong>ADAPTADOR DOITLINK<\/strong><\/h4>\n","protected":false},"featured_media":7756,"template":"","meta":[],"product_brand":[],"product_cat":[49],"product_tag":[],"class_list":{"0":"post-7755","1":"product","2":"type-product","3":"status-publish","4":"has-post-thumbnail","6":"product_cat-controladores","8":"first","9":"instock","10":"shipping-taxable","11":"product-type-simple"},"_links":{"self":[{"href":"https:\/\/susistemapruebas.com\/grapi\/wp-json\/wp\/v2\/product\/7755","targetHints":{"allow":["GET"]}}],"collection":[{"href":"https:\/\/susistemapruebas.com\/grapi\/wp-json\/wp\/v2\/product"}],"about":[{"href":"https:\/\/susistemapruebas.com\/grapi\/wp-json\/wp\/v2\/types\/product"}],"wp:featuredmedia":[{"embeddable":true,"href":"https:\/\/susistemapruebas.com\/grapi\/wp-json\/wp\/v2\/media\/7756"}],"wp:attachment":[{"href":"https:\/\/susistemapruebas.com\/grapi\/wp-json\/wp\/v2\/media?parent=7755"}],"wp:term":[{"taxonomy":"product_brand","embeddable":true,"href":"https:\/\/susistemapruebas.com\/grapi\/wp-json\/wp\/v2\/product_brand?post=7755"},{"taxonomy":"product_cat","embeddable":true,"href":"https:\/\/susistemapruebas.com\/grapi\/wp-json\/wp\/v2\/product_cat?post=7755"},{"taxonomy":"product_tag","embeddable":true,"href":"https:\/\/susistemapruebas.com\/grapi\/wp-json\/wp\/v2\/product_tag?post=7755"}],"curies":[{"name":"wp","href":"https:\/\/api.w.org\/{rel}","templated":true}]}}