{"id":7754,"date":"2024-06-18T22:52:37","date_gmt":"2024-06-18T22:52:37","guid":{"rendered":"https:\/\/susistemapruebas.com\/grapi\/?post_type=product&#038;p=7754"},"modified":"2024-06-18T22:52:37","modified_gmt":"2024-06-18T22:52:37","slug":"difusor-ultrasonico-jo-jo","status":"publish","type":"product","link":"https:\/\/susistemapruebas.com\/grapi\/producto\/difusor-ultrasonico-jo-jo\/","title":{"rendered":"Difusor Ultras\u00f3nico JO-JO"},"content":{"rendered":"<p>Difusor con cubierta de pl\u00e1stico, tiene una franja de luz led de varios colores. Se puede conectar tanto a la corriente el\u00e9ctrica como a una computadora (cable USB). Gracias a su tecnolog\u00eda de ultrasonido, es ideal para utilizar aromas y aceites esenciales ya que conserva sus propiedades y adem\u00e1s humidifica el ambiente.\u00a0Mediante las vibraciones ultras\u00f3nicas libera una niebla ultrafina de agua y aroma, que crea un ambiente sosegado, sano y\u00a0 fragante. Tiene una franja de luz led de varios colores. Se puede conectar tanto a la corriente el\u00e9ctrica como a una computadora por medio de un cable\u00a0 USB.<\/p>\n","protected":false},"excerpt":{"rendered":"<h1 class=\"product_title entry-title\">Difusor Ultras\u00f3nico JO-JO<\/h1>\n","protected":false},"featured_media":5904,"template":"","meta":[],"product_brand":[],"product_cat":[48],"product_tag":[],"class_list":{"0":"post-7754","1":"product","2":"type-product","3":"status-publish","4":"has-post-thumbnail","6":"product_cat-aromaterapia","8":"first","9":"instock","10":"shipping-taxable","11":"product-type-simple"},"_links":{"self":[{"href":"https:\/\/susistemapruebas.com\/grapi\/wp-json\/wp\/v2\/product\/7754","targetHints":{"allow":["GET"]}}],"collection":[{"href":"https:\/\/susistemapruebas.com\/grapi\/wp-json\/wp\/v2\/product"}],"about":[{"href":"https:\/\/susistemapruebas.com\/grapi\/wp-json\/wp\/v2\/types\/product"}],"wp:featuredmedia":[{"embeddable":true,"href":"https:\/\/susistemapruebas.com\/grapi\/wp-json\/wp\/v2\/media\/5904"}],"wp:attachment":[{"href":"https:\/\/susistemapruebas.com\/grapi\/wp-json\/wp\/v2\/media?parent=7754"}],"wp:term":[{"taxonomy":"product_brand","embeddable":true,"href":"https:\/\/susistemapruebas.com\/grapi\/wp-json\/wp\/v2\/product_brand?post=7754"},{"taxonomy":"product_cat","embeddable":true,"href":"https:\/\/susistemapruebas.com\/grapi\/wp-json\/wp\/v2\/product_cat?post=7754"},{"taxonomy":"product_tag","embeddable":true,"href":"https:\/\/susistemapruebas.com\/grapi\/wp-json\/wp\/v2\/product_tag?post=7754"}],"curies":[{"name":"wp","href":"https:\/\/api.w.org\/{rel}","templated":true}]}}