{"id":4871,"date":"2015-03-03T02:10:34","date_gmt":"2015-03-03T02:10:34","guid":{"rendered":"http:\/\/wp\/enfold-shop\/?page_id=74"},"modified":"2025-06-06T23:59:13","modified_gmt":"2025-06-06T23:59:13","slug":"nosotros","status":"publish","type":"page","link":"https:\/\/susistemapruebas.com\/grapi\/nosotros\/","title":{"rendered":"Nosotros"},"content":{"rendered":"<p>[vc_row css=\u00bb.vc_custom_1717610396110{padding-top: 50px !important;padding-bottom: 50px !important;background-image: url(https:\/\/susistemapruebas.com\/grapi\/wp-content\/uploads\/2024\/06\/encabezados.webp?id=5470) !important;background-position: center !important;background-repeat: no-repeat !important;background-size: cover !important;}\u00bb][vc_column]<style>.ld_fancy_heading_69d72e0145ba1 h1{color:rgb(255, 255, 255);}.ld_fancy_heading_69d72e0145ba1 .lqd-highlight-inner{height:0.275em!important;bottom:0px!important;}<\/style><div class=\"ld-fancy-heading ld_fancy_heading_69d72e0145ba1\">\n\t<h1 class=\"ld-fh-element lqd-highlight-underline lqd-highlight-grow-left text-decoration-default\"   >  Nosotros<\/h1><\/div>[\/vc_column][\/vc_row][vc_row content_placement=\u00bbmiddle\u00bb css=\u00bb.vc_custom_1717610942500{padding-top: 50px !important;padding-bottom: 50px !important;}\u00bb][vc_column width=\u00bb1\/2&#8243;][vc_column_text]<strong>\u00bfQUI\u00c9NES SOMOS?<\/strong><\/p>\n<p>Somos Orthos, una empresa 100% mexicana especializada en el dise\u00f1o, fabricaci\u00f3n e instalaci\u00f3n de espacios sensoriales. Cada uno de nuestros entornos multisensoriales est\u00e1 dise\u00f1ado a medida, combinando nuestra vasta experiencia con enfoques innovadores, garantizando espacios 100% funcionales.<br \/>\nInnovaci\u00f3n y calidad en cada proyecto<br \/>\nNos apasiona la creaci\u00f3n de espacios sensoriales excepcionales. Cada dise\u00f1o integra la percepci\u00f3n sensorial, los principios de dise\u00f1o inclusivo y la tecnolog\u00eda m\u00e1s avanzada, logrando ambientes funcionales, acogedores y accesibles para personas con cualquier neurodiversidad.<br \/>\nComprometidos con la seguridad y el bienestar<br \/>\nSabemos que cada entorno sensorial es vital para el desarrollo y bienestar de los usuarios. Por ello, consideramos aspectos clave como el presupuesto, la movilidad de los ni\u00f1os y la seguridad. Nuestro objetivo es garantizar que cada espacio se adapte perfectamente a las necesidades espec\u00edficas de quienes lo disfrutar\u00e1n.<br \/>\n<strong>Nuestra filosof\u00eda: innovaci\u00f3n y servicio<\/strong><br \/>\n<strong>En Orthos, nos guiamos por principios humanistas, observando detalladamente las necesidades de nuestros clientes.<\/strong> Apostamos por estrategias emprendedoras e innovadoras, siempre priorizando la satisfacci\u00f3n del cliente a trav\u00e9s de un servicio excepcional.<br \/>\nGracias a nuestro compromiso, hemos logrado consolidar una red s\u00f3lida de empresas y personas unidas en beneficio de nuestros clientes. Por eso, en Orthos, garantizamos productos de <strong>ALTA CALIDAD y GRAN VALOR a PRECIOS EXCEPCIONALES<\/strong>[\/vc_column_text][\/vc_column][vc_column width=\u00bb1\/2&#8243; css=\u00bb.vc_custom_1717610920330{padding-right: 50px !important;padding-left: 50px !important;}\u00bb][vc_single_image image=\u00bb8809&#8243;]<style>.ld_spacer_69d72e0145daa{height:32px;}<\/style>\n<div class=\"ld-empty-space ld_spacer_69d72e0145daa\"><\/div>[vc_single_image image=\u00bb8810&#8243;][vc_single_image image=\u00bb8652&#8243;][\/vc_column][\/vc_row][vc_row content_placement=\u00bbmiddle\u00bb css=\u00bb.vc_custom_1717611497880{padding-top: 50px !important;padding-bottom: 50px !important;background-color: #dac9df !important;}\u00bb][vc_column width=\u00bb1\/2&#8243;][vc_single_image image=\u00bb8761&#8243;][\/vc_column][vc_column width=\u00bb1\/2&#8243; css=\u00bb.vc_custom_1717610920330{padding-right: 50px !important;padding-left: 50px !important;}\u00bb]<style>.ld_fancy_heading_69d72e0145ed5 .lqd-highlight-inner{height:0.275em!important;bottom:0px!important;}<\/style><div class=\"ld-fancy-heading ld_fancy_heading_69d72e0145ed5\">\n\t<h2 class=\"ld-fh-element lqd-highlight-underline lqd-highlight-grow-left text-decoration-default\"   >  Alianzas<\/h2><\/div>[vc_single_image image=\u00bb6028&#8243; onclick=\u00bbcustom_link\u00bb enable_link=\u00bbenable_image_link\u00bb link=\u00bburl:https%3A%2F%2Fwww.doitmultisensorial.com%2F||target:%20_blank|\u00bb][vc_single_image image=\u00bb8755&#8243; onclick=\u00bbcustom_link\u00bb enable_link=\u00bbenable_image_link\u00bb link=\u00bburl:https%3A%2F%2Fwww.performancehealth.com%2F||target:%20_blank|\u00bb][vc_single_image image=\u00bb8757&#8243; onclick=\u00bbcustom_link\u00bb enable_link=\u00bbenable_image_link\u00bb link=\u00bburl:https%3A%2F%2Fwww.schoolspecialty.com%2F||target:%20_blank|\u00bb][\/vc_column][\/vc_row][vc_row css=\u00bb.vc_custom_1717611005899{padding-top: 50px !important;padding-bottom: 50px !important;background-color: #ffddc5 !important;}\u00bb][vc_column width=\u00bb1\/2&#8243;][vc_column_text]<\/p>\n<div class=\"rockthemes-parallax rockthemes-unique-grid azoom-bgimage-cover \" data-parallax-model=\"height_specific\" data-parallax-bg-image=\"https:\/\/www.grupoorthos.com.mx\/wp-content\/uploads\/2019\/12\/parallax2.jpg\" data-parallax-mask-height=\"0\" data-parallax-padding=\"rsb-vertical-space\" data-image-ratio=\"16_9\" data-image-tile=\"full\" data-overlay-color=\"background:rgba(0,0,0,0.25);\">\n<div class=\"parallax-mask-class height_specific\" data-image-main-width=\"1500\" data-image-main-height=\"582\">\n<div class=\"bg-image-overlay rsb-vertical-space\">\n<div class=\"row\">\n<div class=\"large-12 medium-12 columns\">\n<div class=\"azoom-text-details\">\n<p><strong>Respaldo global, calidad inigualable<\/strong><br \/>\nEn ORTHOS, trabajamos con las marcas m\u00e1s prestigiosas a nivel internacional, como <strong>PERFORMANCE HEALTH SUPPLY, INC, con sus m\u00faltiples representaciones en EE.UU., as\u00ed como SCHOOL SPECIALTY, DOIT MULTISENSORIAL y DANMAR INC.<\/strong><br \/>\nEsta s\u00f3lida alianza nos permite ofrecer productos de alta calidad, con la garant\u00eda de innovaci\u00f3n, tecnolog\u00eda y funcionalidad que nuestros clientes merecen.<br \/>\nCompromiso con la excelencia<br \/>\nHemos construido una red de empresas y especialistas unidos en beneficio de nuestros clientes, asegurando que cada espacio sensorial cumpla con los m\u00e1s altos est\u00e1ndares.<br \/>\nPor eso, en ORTHOS, garantizamos:<br \/>\n<span style=\"font-size: 24px;\"><strong>\u201cCosto, Excelencia y Atenci\u00f3n\u201d<\/strong><\/span><br \/>\n\u00a1Calidad internacional al servicio de experiencias sensoriales \u00fanicas!<\/p>\n<\/div>\n<\/div>\n<\/div>\n<\/div>\n<\/div>\n<\/div>\n<p>[\/vc_column_text][\/vc_column][vc_column width=\u00bb1\/2&#8243;][vc_single_image image=\u00bb8760&#8243;][\/vc_column][\/vc_row][vc_row][vc_column][vc_column_text]<strong>M\u00e1s que espacios, creamos experiencias que transforman vidas<\/strong><br \/>\n<strong>En ORTHOS, no solo dise\u00f1amos ESPACIOS SENSORIALES Snoezelen, sino que nos aseguramos de que cada proyecto sea una experiencia enriquecedora desde el inicio.<\/strong> Creemos que estos entornos tienen el poder de estimular los sentidos, fomentar el bienestar y mejorar la calidad de vida de quienes los disfrutan.<br \/>\nCada decisi\u00f3n que tomas al invertir en un espacio sensorial debe estar fundamentada en un conocimiento profundo de sus beneficios y aplicaciones, y ah\u00ed es donde nosotros marcamos la diferencia: te acompa\u00f1amos en cada paso del proceso.<br \/>\n<strong><span style=\"font-size: 18px;\">La clave del \u00e9xito: experiencia y pasi\u00f3n<\/span><\/strong><br \/>\nDetr\u00e1s de cada proyecto exitoso hay compromiso, experiencia y visi\u00f3n, cualidades que Araceli, nuestra experta en Snoezelen, encarna a la perfecci\u00f3n. Con m\u00e1s de 20 a\u00f1os de trayectoria en la creaci\u00f3n y equipamiento de espacios sensoriales, su conocimiento est\u00e1 respaldado por una Certificaci\u00f3n como Terapeuta Snoezelen otorgada por ISNA Espa\u00f1a.<br \/>\nJuntos, llevamos la experiencia Snoezelen m\u00e1s all\u00e1<br \/>\nCada espacio sensorial que dise\u00f1amos no es solo un lugar, sino una oportunidad para cambiar vidas. Apostamos por la innovaci\u00f3n, la calidad y la accesibilidad, asegurando que cada entorno se convierta en un refugio de bienestar y estimulaci\u00f3n positiva.<br \/>\n<span style=\"font-size: 24px;\"><strong>Si buscas un equipo apasionado, comprometido y con la experiencia para hacer realidad un espacio Snoezelen que marque la diferencia, ORTHOS es tu mejor aliado.<\/strong><\/span><br \/>\n<strong><span style=\"font-size: 24px;\">\u00a1Cont\u00e1ctanos y hagamos juntos algo extraordinario!<\/span><\/strong>[\/vc_column_text]<style>.ld_button_69d72e014604d.btn-icon-solid .btn-icon{background:rgb(255, 0, 0);}.ld_button_69d72e014604d.btn-icon-circle.btn-icon-ripple .btn-icon:before{border-color:rgb(255, 0, 0);}.ld_button_69d72e014604d{background-color:rgb(255, 0, 0);border-color:rgb(255, 0, 0);}.ld_button_69d72e014604d .btn-gradient-border defs stop:first-child{stop-color:rgb(255, 0, 0);}.ld_button_69d72e014604d .btn-gradient-border defs stop:last-child{stop-color:rgb(255, 0, 0);}<\/style><a href=\"https:\/\/susistemapruebas.com\/grapi\/contacto\/\" title=\"Contacto\" class=\"btn btn-solid border-thin btn-has-label ld_button_69d72e014604d\" >\n\t<span>\n\t\t\n\t\t\t\t\t<span class=\"btn-txt\" data-text=\"Cont\u00e1ctanos\" >Cont\u00e1ctanos<\/span>\n\t\t\t\n\t\t\t\t\t<\/span>\n<\/a>\n[\/vc_column][\/vc_row]<\/p>\n","protected":false},"excerpt":{"rendered":"<p>[vc_row css=\u00bb.vc_custom_1717610396110{padding-top: 50px !important;padding-bottom: 50px !important;background-image: url(https:\/\/susistemapruebas.com\/grapi\/wp-content\/uploads\/2024\/06\/encabezados.webp?id=5470) !important;background-position: center !important;background-repeat: no-repeat !important;background-size: cover !important;}\u00bb][vc_column][\/vc_column][\/vc_row][vc_row content_placement=\u00bbmiddle\u00bb css=\u00bb.vc_custom_1717610942500{padding-top: 50px !important;padding-bottom: 50px !important;}\u00bb][vc_column width=\u00bb1\/2&#8243;][vc_column_text]\u00bfQUI\u00c9NES SOMOS? Somos Orthos, una empresa 100% mexicana especializada en el dise\u00f1o, fabricaci\u00f3n e instalaci\u00f3n de espacios sensoriales. Cada uno de nuestros entornos multisensoriales est\u00e1 dise\u00f1ado a medida, combinando nuestra vasta experiencia con enfoques innovadores, [&hellip;]<\/p>\n","protected":false},"author":1,"featured_media":0,"parent":0,"menu_order":0,"comment_status":"closed","ping_status":"open","template":"","meta":{"footnotes":""},"class_list":["post-4871","page","type-page","status-publish","hentry"],"_links":{"self":[{"href":"https:\/\/susistemapruebas.com\/grapi\/wp-json\/wp\/v2\/pages\/4871","targetHints":{"allow":["GET"]}}],"collection":[{"href":"https:\/\/susistemapruebas.com\/grapi\/wp-json\/wp\/v2\/pages"}],"about":[{"href":"https:\/\/susistemapruebas.com\/grapi\/wp-json\/wp\/v2\/types\/page"}],"author":[{"embeddable":true,"href":"https:\/\/susistemapruebas.com\/grapi\/wp-json\/wp\/v2\/users\/1"}],"replies":[{"embeddable":true,"href":"https:\/\/susistemapruebas.com\/grapi\/wp-json\/wp\/v2\/comments?post=4871"}],"version-history":[{"count":46,"href":"https:\/\/susistemapruebas.com\/grapi\/wp-json\/wp\/v2\/pages\/4871\/revisions"}],"predecessor-version":[{"id":8929,"href":"https:\/\/susistemapruebas.com\/grapi\/wp-json\/wp\/v2\/pages\/4871\/revisions\/8929"}],"wp:attachment":[{"href":"https:\/\/susistemapruebas.com\/grapi\/wp-json\/wp\/v2\/media?parent=4871"}],"curies":[{"name":"wp","href":"https:\/\/api.w.org\/{rel}","templated":true}]}}